{"id":1332,"date":"2014-03-24T09:04:21","date_gmt":"2014-03-24T08:04:21","guid":{"rendered":"http:\/\/so3z.com\/?page_id=1332"},"modified":"2021-05-26T21:58:10","modified_gmt":"2021-05-26T20:58:10","slug":"airscout-odbicia-od-samolotow","status":"publish","type":"page","link":"https:\/\/so3z.com\/?page_id=1332","title":{"rendered":"Airscout &#8211; odbicia od samolot\u00f3w"},"content":{"rendered":"<p>Prawid\u0142owa procedura \u0142\u0105czno\u015bci z wykorzystaniem odbi\u0107 od samolotu <a href=\"http:\/\/www.dj5ar.de\/?page_id=998\">opisana jest tutaj<\/a>.<br \/>\nJest analogiczna jak przy \u0142\u0105czno\u015bciach fonicznych MS.<\/p>\n<p>Airplane scatter &#8211; na DX Clustrze oznaczenie AS lub ASC<\/p>\n<p>U\u017cyteczny na pewno na 2m, 70cm, 23cm. Ja osobi\u015bcie u\u017cywam g\u0142\u00f3wnie na 2m.<\/p>\n<p>Generalnie sygna\u0142 odbija si\u0119 prawie jak w Tropo Scatterze od nagrzania warstw atmosfery przez samolot. Odbicia trwaj\u0105 od oko\u0142o minuty &#8211; w przypadku przelotu przecinaj\u0105cego tras\u0119 do korespondenta, poprzez nawet i 10 minut gdy samolot leci w linii do korespondenta. Im wi\u0119ksza moc tym mocniejsze odbicia, ale mam udane \u0142\u0105czno\u015bci nawet ze stacjami 50W i 5el Yagi przy odleg\u0142o\u015bci oko\u0142o 650km. Im wi\u0119kszy samolot tym lepsze odbicia, im czystszy horyzont maj\u0105 obie stacje i anteny wy\u017cej nad ziemi\u0105 tym wi\u0119ksza odleg\u0142o\u015b\u0107 jest mo\u017cliwa.<\/p>\n<p>Ciekawa prezentacja Henninga DF9IC (po angielsku) <a href=\"http:\/\/www.df9ic.de\/doc\/2006\/sletten_2006\/sletten06_airplane_reflection.ppt\">PREZENTACJA<\/a><\/p>\n<p>Par\u0119 przyk\u0142adowych nagra\u0144.<\/p>\n<p>1. Odbicie od samolotu lec\u0105cego po trasie do korespondent\u00f3w&#8230; SA6AIN, SM6UQL, SK6QA, SA6AFQ, SA6CBY (50W + 5el) <a href=\"https:\/\/so3z.com\/records\/1st2014\/SA6AIN-SM6UQL-SK6QA-SA6AFQ-SA6CBY-inlineAP.ogg\">d\u0142ugi AP<\/a><\/p>\n<p>2. <a href=\"https:\/\/so3z.com\/records\/1st2014\/SM6VKC-JO68EP-753km-AP.ogg\">SM6VKC 753km<\/a><\/p>\n<p>3. W SPAC regularnie mam QSO z DF9IC przy wykorzystaniu AP <a href=\"https:\/\/so3z.com\/records\/spac-2014-02\/DF9IC-JN48IW-697km-airplane-scatter.ogg\"> DF9IC 697km<\/a> oraz z OZ3Z 588km\u00a0\u00a0 <a href=\"https:\/\/so3z.com\/records\/spac-2014-02\/OZ3Z-JO45UM-588km-airplane-scatter.ogg\">(1)<\/a><br \/>\n4. II pr\u00f3by subregionalne 2014 &#8211; 144MHz<br \/>\n<a href=\"https:\/\/so3z.com\/records\/2nd2014\/SK6QA.ogg\">SK6QA<\/a>, <a href=\"https:\/\/so3z.com\/records\/2nd2014\/SM6BFE.ogg\">SM6BFE<\/a>, <a href=\"https:\/\/so3z.com\/records\/2nd2014\/OZ3Z.ogg\">OZ3Z<\/a>, <a href=\"https:\/\/so3z.com\/records\/2nd2014\/S50G.ogg\">S50G<\/a>, <a href=\"https:\/\/so3z.com\/records\/2nd2014\/HA8V.ogg\">HA8V<\/a>, <a href=\"https:\/\/so3z.com\/records\/2nd2014\/OM8AND.ogg\">OM8AND<\/a>, <a href=\"https:\/\/so3z.com\/records\/2nd2014\/OE6HBF.ogg\">OE6HBF<\/a><\/p>\n<hr \/>\n<p><strong><br \/>\nAutorem programu Airscout jest Frank DL2ALF.<\/strong> <a href=\"http:\/\/www.airscout.eu\/\">STRONA DOMOWA PROJEKTU<\/a><br \/>\n\u0179r\u00f3d\u0142em danych o samolotach s\u0105 strony http:\/\/planefinder.net i http:\/\/www.flightradar24.com wykorzystuj\u0105ce bikony ADB-S.<br \/>\n\u0179r\u00f3d\u0142em danych o ukszta\u0142towaniu terenu i wysoko\u015bci jest domy\u015blnie GLOBE, ale nale\u017cy w ustawieniach programu prze\u0142\u0105czy\u0107 si\u0119 na dane SRTM-3, kt\u00f3ry zajmuje mniej miejsca na dysku. Mo\u017cna wybra\u0107 SRTM1, kt\u00f3ry jest du\u017co dok\u0142adniejszym podk\u0142adem danych satelitarnych natomiast musimy mie\u0107 oko\u0142o 20-30GB wolnej przestrzeni na dysku..<\/p>\n<p>W g\u0142\u00f3wnym menu programu wchodzimy w <em><strong>Options<\/strong><\/em> i w zak\u0142adce <strong><em>General<\/em><\/strong> definiujemy obszar dla jakiego b\u0119d\u0105 pobierane dane samolot\u00f3w, oraz dane elewacji nast\u0119pnie klikamy przycisk <strong><em>Apply<\/em><\/strong> Na obrazku przyk\u0142ad moich ustawie\u0144 (mo\u017cna ustawi\u0107 mniejszy obszar).<br \/>\n<a href=\"https:\/\/so3z.com\/wp-content\/uploads\/2014\/03\/00.jpg\"><img loading=\"lazy\" decoding=\"async\" class=\"alignnone size-medium wp-image-1722\" title=\"ustawienie obszaru wylicze\u0144\" src=\"https:\/\/so3z.com\/wp-content\/uploads\/2014\/03\/00-300x225.jpg\" alt=\"\" width=\"300\" height=\"225\" srcset=\"https:\/\/so3z.com\/wp-content\/uploads\/2014\/03\/00-300x225.jpg 300w, https:\/\/so3z.com\/wp-content\/uploads\/2014\/03\/00.jpg 1024w\" sizes=\"auto, (max-width: 300px) 100vw, 300px\" \/><\/a><\/p>\n<p>Nast\u0119pnie w zak\u0142adce <strong><em>SRTM3<\/em><\/strong> zaznaczamy jak na obrazku i klikamy <em><strong>Apply<\/strong><\/em>.<br \/>\n<a href=\"https:\/\/so3z.com\/wp-content\/uploads\/2014\/03\/01.jpg\"><img loading=\"lazy\" decoding=\"async\" class=\"alignnone size-medium wp-image-1719\" title=\"options ustawienie danych elewacji\" src=\"https:\/\/so3z.com\/wp-content\/uploads\/2014\/03\/01-300x202.jpg\" alt=\"\" width=\"300\" height=\"202\" srcset=\"https:\/\/so3z.com\/wp-content\/uploads\/2014\/03\/01-300x202.jpg 300w, https:\/\/so3z.com\/wp-content\/uploads\/2014\/03\/01.jpg 788w\" sizes=\"auto, (max-width: 300px) 100vw, 300px\" \/><\/a><br \/>\nNast\u0119pnie wchodzimy w <em><strong>Download data files<\/strong><\/em> i w oknie kt\u00f3re si\u0119 pojawi klikamy <em><strong>Start<\/strong><\/em> &#8211; pobieranie mo\u017ce potrwa\u0107 s\u0105 to du\u017ce pliki!!!<\/p>\n<p>Kolejn\u0105 rzecz\u0105 jest w\u0142\u0105czenie danych o samolotach w zak\u0142adce <strong><em>Planes<\/em><\/strong> &#8211; zaznaczamy jak na obrazku, oraz klikamy <em><strong>Apply<\/strong><\/em>. Warto r\u00f3wnie\u017c minimalnie zwi\u0119kszy\u0107 maksymaln\u0105 wysoko\u015b\u0107 na jakiej samolot jest brany pod uwag\u0119 &#8211; zdarzaj\u0105 si\u0119 przeloty powy\u017cej 12000m.<br \/>\n<a href=\"https:\/\/so3z.com\/wp-content\/uploads\/2014\/03\/021.jpg\"><img loading=\"lazy\" decoding=\"async\" class=\"alignnone size-medium wp-image-1726\" title=\"ustawienia danych o samolotach\" src=\"https:\/\/so3z.com\/wp-content\/uploads\/2014\/03\/021-300x202.jpg\" alt=\"\" width=\"300\" height=\"202\" srcset=\"https:\/\/so3z.com\/wp-content\/uploads\/2014\/03\/021-300x202.jpg 300w, https:\/\/so3z.com\/wp-content\/uploads\/2014\/03\/021.jpg 793w\" sizes=\"auto, (max-width: 300px) 100vw, 300px\" \/><\/a><\/p>\n<p>Po w\u0142\u0105czeniu \u017ar\u00f3de\u0142 z samolotami, oraz pobraniu map z danymi elewacji, mo\u017cemy wybra\u0107 sobie podk\u0142ad mapy jak\u0105 b\u0119dziemy mie\u0107 widoczn\u0105 w programie w zak\u0142adce <em><strong>Map<\/strong><\/em>. U mnie domy\u015blnie &#8211; OpenStreetMap.<br \/>\n<a href=\"https:\/\/so3z.com\/wp-content\/uploads\/2014\/03\/03.jpg\"><img loading=\"lazy\" decoding=\"async\" class=\"alignnone size-medium wp-image-1729\" title=\"rodzaj mapy\" src=\"https:\/\/so3z.com\/wp-content\/uploads\/2014\/03\/03-300x202.jpg\" alt=\"\" width=\"300\" height=\"202\" srcset=\"https:\/\/so3z.com\/wp-content\/uploads\/2014\/03\/03-300x202.jpg 300w, https:\/\/so3z.com\/wp-content\/uploads\/2014\/03\/03.jpg 788w\" sizes=\"auto, (max-width: 300px) 100vw, 300px\" \/><\/a><\/p>\n<p>Nast\u0119pnie powinni\u015bmy dok\u0142adnie ustawi\u0107 swoje QTH, najpierw ustawiamy nasz znak i lokator w ustawieniach programu tak jak na obrazku.<br \/>\n<a href=\"https:\/\/so3z.com\/wp-content\/uploads\/2014\/03\/031.jpg\"><img loading=\"lazy\" decoding=\"async\" class=\"alignnone size-medium wp-image-1730\" title=\"QTH\" src=\"https:\/\/so3z.com\/wp-content\/uploads\/2014\/03\/031-300x203.jpg\" alt=\"\" width=\"300\" height=\"203\" srcset=\"https:\/\/so3z.com\/wp-content\/uploads\/2014\/03\/031-300x203.jpg 300w, https:\/\/so3z.com\/wp-content\/uploads\/2014\/03\/031.jpg 792w\" sizes=\"auto, (max-width: 300px) 100vw, 300px\" \/><\/a><br \/>\nnast\u0119pnie zapisujemy i zamykamy okno opcji.<br \/>\nNa mapie w g\u0142\u00f3wnym oknie powinien si\u0119 pojawi\u0107 czerwony kursor (nasze QTH) przybli\u017camy sobie i ustawiamy dok\u0142adne po\u0142o\u017cenie kursora poprzez przeci\u0105gni\u0119cie go we w\u0142a\u015bciwe miejsce &#8211; ja robi\u0119 to na zoom = 15.<br \/>\nUstawienie QTH i wysoko\u015bci anten nad ziemi\u0105 jest bardzo wa\u017cne dla wylicze\u0144.<br \/>\n<a href=\"https:\/\/so3z.com\/wp-content\/uploads\/2014\/03\/04.jpg\"><img loading=\"lazy\" decoding=\"async\" class=\"alignnone size-medium wp-image-1733\" title=\"04\" src=\"https:\/\/so3z.com\/wp-content\/uploads\/2014\/03\/04-255x300.jpg\" alt=\"\" width=\"255\" height=\"300\" srcset=\"https:\/\/so3z.com\/wp-content\/uploads\/2014\/03\/04-255x300.jpg 255w, https:\/\/so3z.com\/wp-content\/uploads\/2014\/03\/04.jpg 616w\" sizes=\"auto, (max-width: 255px) 100vw, 255px\" \/><\/a><\/p>\n<hr \/>\n<p>Nast\u0119pnie mo\u017cemy ju\u017c w zasadzie u\u017cy\u0107 i wykona\u0107 symulacj\u0119 w programie wpisuj\u0105c znak i lokator stacji.<\/p>\n<p>Bardzo cz\u0119sto gdy r\u00f3wnie\u017c dok\u0142adnie wska\u017cemy lokalizacj\u0119 naszego korespondenta (dok\u0142adniej ni\u017c na podstawie samego 6-znakowego WW LOC), np. z danych GPS, czy te\u017c ze wsp\u00f3\u0142rz\u0119dnych jakie korespondent ma podane w QRZ.com &#8211; okazuje si\u0119 szczeg\u00f3lnie przy du\u017cych QRB 600-850km, \u017ce jednak \u0142\u0105czno\u015b\u0107 zaczyna by\u0107 mo\u017cliwa.<br \/>\nPare przyk\u0142ad\u00f3w poni\u017cej.<br \/>\nnp. HB9GT wg lokatora QSO nie mo\u017cliwe, ale po podaniu dok\u0142adnej lokalizacji na podstawie QRZ.com &#8211; wsp\u00f3\u0142rz\u0119dnych, okazuje si\u0119, \u017ce QTH jest 200m wy\u017cej i QSO jest mo\u017cliwe.<br \/>\nCzasami ustawienie w\u0142a\u015bciwego dok\u0142adnego QTH, powoduje, \u017ce trasa przesuwa si\u0119 na tyle, \u017ce omijamy g\u00f3r\u0119, kt\u00f3ra w symulacji wg. lokatora przeszkadza\u0142a &#8211; zas\u0142ania\u0142a.<\/p>\n<p>Par\u0119 przyk\u0142ad\u00f3w<\/p>\n<p><a href=\"https:\/\/so3z.com\/wp-content\/uploads\/2014\/03\/OM8AND-objasnienia1.jpg\"><img loading=\"lazy\" decoding=\"async\" class=\"alignnone size-medium wp-image-1747\" title=\"OM8AND-objasnienia1\" src=\"https:\/\/so3z.com\/wp-content\/uploads\/2014\/03\/OM8AND-objasnienia1-300x225.jpg\" alt=\"\" width=\"300\" height=\"225\" srcset=\"https:\/\/so3z.com\/wp-content\/uploads\/2014\/03\/OM8AND-objasnienia1-300x225.jpg 300w, https:\/\/so3z.com\/wp-content\/uploads\/2014\/03\/OM8AND-objasnienia1.jpg 1024w\" sizes=\"auto, (max-width: 300px) 100vw, 300px\" \/><\/a><br \/>\n<a href=\"https:\/\/so3z.com\/wp-content\/uploads\/2014\/03\/legenda.jpg\"><img loading=\"lazy\" decoding=\"async\" class=\"alignnone size-medium wp-image-1750\" title=\"legenda\" src=\"https:\/\/so3z.com\/wp-content\/uploads\/2014\/03\/legenda-300x225.jpg\" alt=\"\" width=\"300\" height=\"225\" srcset=\"https:\/\/so3z.com\/wp-content\/uploads\/2014\/03\/legenda-300x225.jpg 300w, https:\/\/so3z.com\/wp-content\/uploads\/2014\/03\/legenda.jpg 1024w\" sizes=\"auto, (max-width: 300px) 100vw, 300px\" \/><\/a><\/p>\n<p><a href=\"https:\/\/so3z.com\/wp-content\/uploads\/2014\/03\/HB9GT.jpg\"><img loading=\"lazy\" decoding=\"async\" class=\"alignnone size-medium wp-image-1741\" title=\"HB9GT\" src=\"https:\/\/so3z.com\/wp-content\/uploads\/2014\/03\/HB9GT-300x225.jpg\" alt=\"\" width=\"300\" height=\"225\" srcset=\"https:\/\/so3z.com\/wp-content\/uploads\/2014\/03\/HB9GT-300x225.jpg 300w, https:\/\/so3z.com\/wp-content\/uploads\/2014\/03\/HB9GT.jpg 1024w\" sizes=\"auto, (max-width: 300px) 100vw, 300px\" \/><\/a><br \/>\n<a href=\"https:\/\/so3z.com\/wp-content\/uploads\/2014\/03\/HB9EFK.jpg\"><img loading=\"lazy\" decoding=\"async\" class=\"alignnone size-medium wp-image-1740\" title=\"HB9EFK\" src=\"https:\/\/so3z.com\/wp-content\/uploads\/2014\/03\/HB9EFK-300x225.jpg\" alt=\"\" width=\"300\" height=\"225\" srcset=\"https:\/\/so3z.com\/wp-content\/uploads\/2014\/03\/HB9EFK-300x225.jpg 300w, https:\/\/so3z.com\/wp-content\/uploads\/2014\/03\/HB9EFK.jpg 1024w\" sizes=\"auto, (max-width: 300px) 100vw, 300px\" \/><\/a><br \/>\n<a href=\"https:\/\/so3z.com\/wp-content\/uploads\/2014\/03\/OM8AND.jpg\"><img loading=\"lazy\" decoding=\"async\" class=\"alignnone size-medium wp-image-1742\" title=\"OM8AND\" src=\"https:\/\/so3z.com\/wp-content\/uploads\/2014\/03\/OM8AND-300x225.jpg\" alt=\"\" width=\"300\" height=\"225\" srcset=\"https:\/\/so3z.com\/wp-content\/uploads\/2014\/03\/OM8AND-300x225.jpg 300w, https:\/\/so3z.com\/wp-content\/uploads\/2014\/03\/OM8AND.jpg 1024w\" sizes=\"auto, (max-width: 300px) 100vw, 300px\" \/><\/a><br \/>\n<a href=\"https:\/\/so3z.com\/wp-content\/uploads\/2014\/03\/YU7ECD-1.jpg\"><img loading=\"lazy\" decoding=\"async\" class=\"alignnone size-medium wp-image-1739\" title=\"YU7ECD-1\" src=\"https:\/\/so3z.com\/wp-content\/uploads\/2014\/03\/YU7ECD-1-300x225.jpg\" alt=\"\" width=\"300\" height=\"225\" srcset=\"https:\/\/so3z.com\/wp-content\/uploads\/2014\/03\/YU7ECD-1-300x225.jpg 300w, https:\/\/so3z.com\/wp-content\/uploads\/2014\/03\/YU7ECD-1.jpg 1024w\" sizes=\"auto, (max-width: 300px) 100vw, 300px\" \/><\/a><br \/>\n<a href=\"https:\/\/so3z.com\/wp-content\/uploads\/2014\/03\/YU7ACO.jpg\"><img loading=\"lazy\" decoding=\"async\" class=\"alignnone size-medium wp-image-1743\" title=\"YU7ACO\" src=\"https:\/\/so3z.com\/wp-content\/uploads\/2014\/03\/YU7ACO-300x225.jpg\" alt=\"\" width=\"300\" height=\"225\" srcset=\"https:\/\/so3z.com\/wp-content\/uploads\/2014\/03\/YU7ACO-300x225.jpg 300w, https:\/\/so3z.com\/wp-content\/uploads\/2014\/03\/YU7ACO.jpg 1024w\" sizes=\"auto, (max-width: 300px) 100vw, 300px\" \/><\/a><\/p>\n<p>Tutaj trasa do PA4EME &#8211; QSO prawdopodobnie mo\u017cliwe tylko z samolotem lekko powy\u017cej 12000m.<br \/>\n<a href=\"https:\/\/so3z.com\/wp-content\/uploads\/2014\/03\/144M_SO3Z_PA4EME_20140210_183612.jpg\"><img loading=\"lazy\" decoding=\"async\" class=\"alignnone size-medium wp-image-1738\" title=\"144M_SO3Z_PA4EME_20140210_183612\" src=\"https:\/\/so3z.com\/wp-content\/uploads\/2014\/03\/144M_SO3Z_PA4EME_20140210_183612-300x222.jpg\" alt=\"\" width=\"300\" height=\"222\" srcset=\"https:\/\/so3z.com\/wp-content\/uploads\/2014\/03\/144M_SO3Z_PA4EME_20140210_183612-300x222.jpg 300w, https:\/\/so3z.com\/wp-content\/uploads\/2014\/03\/144M_SO3Z_PA4EME_20140210_183612.jpg 1022w\" sizes=\"auto, (max-width: 300px) 100vw, 300px\" \/><\/a><\/p>\n<p>Warto mie\u0107 na uwadze r\u00f3wnie\u017c to, \u017ce w przestrzeni powietrznej lataj\u0105 r\u00f3wnie\u017c samoloty wojskowe, czasem bez w\u0142\u0105czonego transpondera ADS-B.<br \/>\nWysoko\u015b\u0107 lotu samolot\u00f3w wojskowych niejednokrotnie przekracza 12km &#8211; np. du\u017cy dron RQ-4 lata na 15-16km nad ziemi\u0105 co umo\u017cliwia jeszcze dalsze \u0142\u0105czno\u015bci poprzez AS.<br \/>\nWystarczy spojrze\u0107 na flightradar24 na samolot RQ-4 lataj\u0105cy w Europie o kodzie \u201cFORTE10\u201d. Ale zdarzaj\u0105 si\u0119 r\u00f3wnie\u017c du\u017co wi\u0119ksze maszyny jak B-52, B1, KC-135 czy inne.<\/p>\n<p>CDN&#8230;<\/p>\n","protected":false},"excerpt":{"rendered":"<p>Prawid\u0142owa procedura \u0142\u0105czno\u015bci z wykorzystaniem odbi\u0107 od samolotu opisana jest tutaj. Jest analogiczna jak przy \u0142\u0105czno\u015bciach fonicznych MS. Airplane scatter &#8211; na DX Clustrze oznaczenie AS lub ASC U\u017cyteczny na pewno na 2m, 70cm, 23cm. Ja osobi\u015bcie u\u017cywam g\u0142\u00f3wnie na 2m. Generalnie sygna\u0142 odbija si\u0119 prawie jak w Tropo Scatterze od nagrzania warstw atmosfery przez &hellip; <a href=\"https:\/\/so3z.com\/?page_id=1332\" class=\"more-link\">Czytaj dalej <span class=\"screen-reader-text\">Airscout &#8211; odbicia od samolot\u00f3w<\/span> <span class=\"meta-nav\">&rarr;<\/span><\/a><\/p>\n","protected":false},"author":1,"featured_media":0,"parent":3857,"menu_order":0,"comment_status":"open","ping_status":"open","template":"","meta":{"footnotes":""},"class_list":["post-1332","page","type-page","status-publish","hentry"],"_links":{"self":[{"href":"https:\/\/so3z.com\/index.php?rest_route=\/wp\/v2\/pages\/1332","targetHints":{"allow":["GET"]}}],"collection":[{"href":"https:\/\/so3z.com\/index.php?rest_route=\/wp\/v2\/pages"}],"about":[{"href":"https:\/\/so3z.com\/index.php?rest_route=\/wp\/v2\/types\/page"}],"author":[{"embeddable":true,"href":"https:\/\/so3z.com\/index.php?rest_route=\/wp\/v2\/users\/1"}],"replies":[{"embeddable":true,"href":"https:\/\/so3z.com\/index.php?rest_route=%2Fwp%2Fv2%2Fcomments&post=1332"}],"version-history":[{"count":53,"href":"https:\/\/so3z.com\/index.php?rest_route=\/wp\/v2\/pages\/1332\/revisions"}],"predecessor-version":[{"id":4133,"href":"https:\/\/so3z.com\/index.php?rest_route=\/wp\/v2\/pages\/1332\/revisions\/4133"}],"up":[{"embeddable":true,"href":"https:\/\/so3z.com\/index.php?rest_route=\/wp\/v2\/pages\/3857"}],"wp:attachment":[{"href":"https:\/\/so3z.com\/index.php?rest_route=%2Fwp%2Fv2%2Fmedia&parent=1332"}],"curies":[{"name":"wp","href":"https:\/\/api.w.org\/{rel}","templated":true}]}}