{"id":1370,"date":"2014-06-30T22:21:55","date_gmt":"2014-06-30T21:21:55","guid":{"rendered":"http:\/\/so3z.com\/?page_id=1370"},"modified":"2020-01-03T12:48:55","modified_gmt":"2020-01-03T11:48:55","slug":"praca-z-wykorzystaniem-ms","status":"publish","type":"page","link":"https:\/\/so3z.com\/?page_id=1370","title":{"rendered":"Praca z wykorzystaniem MS"},"content":{"rendered":"<p>\u0141\u0105czno\u015bci z wykorzystaniem odbi\u0107 od zjonizowanych obszar\u00f3w atmosfery przez przelatuj\u0105ce meteory.<\/p>\n<p>Wykorzystuje si\u0119 emisje SSB \/ FSK441 \/ JT6M \/ HSCW \/ JTMS \/ MSK144 \/ PSK2k<\/p>\n<p><a href=\"http:\/\/www.dl1dbc.net\/Meteorscatter\/\">DL1DBC Radar (Java)<\/a><br \/>\n<a href=\"http:\/\/www.sgo.fi\/Data\/RealTime\/meteorRadar.php\">SGO Radar<\/a><br \/>\n<a href=\"http:\/\/mmmonvhf.de\/ms.php\">MMMonVHF podstrona MS<\/a><br \/>\n<a href=\"http:\/\/www.imo.net\/calendar\">Kalendarz MS<\/a><br \/>\n<a href=\"http:\/\/www.rudius.net\/oz2m\/ms.htm\">OZ2M MS WWW<\/a><br \/>\n<a href=\"http:\/\/www.kolumbus.fi\/oh5iy\/\">OH5IY MS WWW<\/a><br \/>\n<a href=\"http:\/\/www.tvcomm.co.uk\/radio\/\">G7IZU meteor www<\/a><br \/>\n<a href=\"http:\/\/ei3hmb.e-donegal.eu\/grid-locator-test\/\">EI2KK meteor info<\/a><br \/>\n<a href=\"http:\/\/lz2hv.org\/mshv\">oprogramowanie MSHV<\/a><br \/>\n<a href=\"https:\/\/physics.princeton.edu\/pulsar\/K1JT\/wsjt.html\">oprogramowanie WSJT i WSJT-X<\/a><br \/>\n<a href=\"http:\/\/www.dj5hg.de\/digitalmodes\/digitalmodes.html\">oprogramowanie PSK2k i MSRX<\/a><\/p>\n<hr \/>\n<p><strong>144.370 &#8211; cz\u0119stotliwo\u015b\u0107 wywo\u0142awcza FSK441<br \/>\n144.360 &#8211; cz\u0119stotliwo\u015b\u0107 wywo\u0142awcza MSK144<br \/>\n144.200 &#8211; cz\u0119stotliwo\u015b\u0107 wywo\u0142awcza SSB MS<\/strong><\/p>\n<p>praca w 1 periodzie gdy antena na zach\u00f3d i p\u00f3\u0142noc<br \/>\npraca w 2 periodzie gdy antena na wsch\u00f3d i po\u0142udnie<\/p>\n<p>Przy du\u017cych rojach i aktywno\u015bci pracujemy ze splitem QSX\/QSY.<br \/>\nMSK144 jest mniej skuteczny ni\u017c FSK144 i JTMS &#8211; jednak gwarantuje dekodowanie bez \u015bmieci. Nie dekoduje ping\u00f3w poni\u017cej 200ms &#8211; dlatego te\u017c nie zaleca si\u0119 u\u017cywania MSK144 przy s\u0142abych warunkach czy \u0142\u0105czno\u015bciach powy\u017cej 2000km.<\/p>\n<hr \/>\n<p>Najwa\u017cniejsz\u0105 rzecz\u0105 jest synchronizacja czasu w komputerze&#8230;<br \/>\n<a href=\"http:\/\/www.timesynctool.com\/\">Nettime sync<\/a> albo <a href=\"http:\/\/jt6m.org\/timing.php\">Program DIMENSION4<\/a><\/p>\n<p>Je\u017celi nie mamy rotora elewacji przy wyliczonej elewacji powy\u017cej 5 stopni (QRB &lt;1100km) warto pr\u00f3bowa\u0107 z ustawieniem anteny na tzw. HOT A lub HOT B.<br \/>\nWarto r\u00f3wnie\u017c ustawia\u0107 anteny z offsetem w przypadku bliskich przeszk\u00f3d mi\u0119dzy stacjami, wie\u017cowiec, g\u00f3ra w zasi\u0119gu wzroku.<br \/>\n<a href=\"https:\/\/so3z.com\/wp-content\/uploads\/2014\/06\/OPIS2.png\"><img loading=\"lazy\" decoding=\"async\" class=\"alignnone size-full wp-image-1801\" title=\"OPIS2\" src=\"https:\/\/so3z.com\/wp-content\/uploads\/2014\/06\/OPIS2.png\" alt=\"\" width=\"675\" height=\"551\" srcset=\"https:\/\/so3z.com\/wp-content\/uploads\/2014\/06\/OPIS2.png 675w, https:\/\/so3z.com\/wp-content\/uploads\/2014\/06\/OPIS2-300x244.png 300w\" sizes=\"auto, (max-width: 675px) 100vw, 675px\" \/><\/a><\/p>\n<hr \/>\n<p>Z racji tego, \u017ce cz\u0119stotliwo\u015b\u0107 wywo\u0142awcza 144.370 w terenach zurbanizowanych jest silnie zak\u0142\u00f3cona przez sieci LAN bardzo cz\u0119sto pracuje si\u0119 ze SPLITEM podaj\u0105c na cz\u0119stotliwo\u015bci 144.370 np. CQ363 SO3Z JO82, a s\u0142uchaj\u0105c na 144.363. Gdy tylko us\u0142yszymy wo\u0142aj\u0105c\u0105 stacj\u0119 wy\u0142\u0105czamy SPLIT i pracujemy na kanale 144.363&#8230; Wg procedur MS IARU mo\u017cna u\u017cywa\u0107 literek zamiast np. &#8222;363&#8221; kt\u00f3re odpowiadaj\u0105 odpowiedniemu przesuni\u0119ciu, ale to sobie prosz\u0119 doczyta\u0107.<br \/>\nTo samo dotyczy du\u017cych roj\u00f3w i du\u017cej aktywno\u015bci stacji &#8211; sygna\u0142y tropo rozwalaj\u0105 nam dekodowanie s\u0142abych ping\u00f3w. Nale\u017cy wo\u0142a\u0107 CQ ze splitem.<\/p>\n<hr \/>\n<p>Procedura pracy MS w programie WSJT z wykorzystaniem FSK441\/JTMS.<br \/>\n\u0141\u0105czno\u015b\u0107 zazwyczaj zaczynamy od nadawania obu znak\u00f3w (Tx1)<br \/>\nJe\u017celi odbierzemy:<br \/>\n&#8230; znak korespondenta lub znak korespondenta i nasz znak wysylamy znaki i raport (Tx2)<br \/>\n&#8230; oba znaki kompletne i raport wysy\u0142amy oba znaki wraz z literk\u0105 R i raportem (Tx3)<br \/>\n&#8230; oba znaki i raport z literk\u0105 R wysy\u0142amy RRRR RRRR i nasz znak (Tx4)<br \/>\n&#8230; odbierzemy RRR, \u0142\u0105czno\u015b\u0107 jest kompletna! Ale mo\u017cemy odpowiedzie\u0107 wysy\u0142aj\u0105c 73 i nasz znak (Tx5)<\/p>\n<p>Procedury s\u0105 zobrazowane <a href=\"https:\/\/www.iaru-r1.org\/index.php\/downloads\/Documents\/VHF\/VHF-Handbook-V8.02\/\">tutaj<\/a> r\u00f3wnie\u017c <a href=\"http:\/\/www.rudius.net\/oz2m\/ms.htm\">tutaj.<\/a><\/p>\n<hr \/>\n<p>Zrzuty ekranu z \u0142\u0105czno\u015bci kompletnych i niekompletnych (NC)<br \/>\n<a href=\"https:\/\/picasaweb.google.com\/103529879792333468916\/MSQsoScreens?authuser=0&amp;feat=directlink\">Picasa SP3IYM<\/a><\/p>\n<p>Opisz\u0119 podstawy konfiguracji WSJT wersji 9. Wraz ze screenami.<br \/>\nProgram pracuje bez problemu na systemach Windows i Linux.<\/p>\n<p>Sytuacja wygl\u0105da bardzo podobnie w przypadku MSHV czy nowszego WSJT-X.<\/p>\n<hr \/>\n<p>Po zainstalowaniu zacznijmy od w\u0142a\u015bciwych ustawie\u0144 wchodzimy poprzez menu SETUP -&gt; OPTIONS<br \/>\n<em><strong><br \/>\nOPIS W TRAKCIE TWORZENIA<\/strong><\/em><br \/>\n<a href=\"https:\/\/so3z.com\/wp-content\/uploads\/2014\/06\/OPIS1.png\"><img loading=\"lazy\" decoding=\"async\" class=\"alignnone size-full wp-image-1798\" title=\"OPIS1\" src=\"https:\/\/so3z.com\/wp-content\/uploads\/2014\/06\/OPIS1.png\" alt=\"\" width=\"658\" height=\"542\" srcset=\"https:\/\/so3z.com\/wp-content\/uploads\/2014\/06\/OPIS1.png 658w, https:\/\/so3z.com\/wp-content\/uploads\/2014\/06\/OPIS1-300x247.png 300w\" sizes=\"auto, (max-width: 658px) 100vw, 658px\" \/><\/a><\/p>\n","protected":false},"excerpt":{"rendered":"<p>\u0141\u0105czno\u015bci z wykorzystaniem odbi\u0107 od zjonizowanych obszar\u00f3w atmosfery przez przelatuj\u0105ce meteory. Wykorzystuje si\u0119 emisje SSB \/ FSK441 \/ JT6M \/ HSCW \/ JTMS \/ MSK144 \/ PSK2k DL1DBC Radar (Java) SGO Radar MMMonVHF podstrona MS Kalendarz MS OZ2M MS WWW OH5IY MS WWW G7IZU meteor www EI2KK meteor info oprogramowanie MSHV oprogramowanie WSJT i WSJT-X &hellip; <a href=\"https:\/\/so3z.com\/?page_id=1370\" class=\"more-link\">Czytaj dalej <span class=\"screen-reader-text\">Praca z wykorzystaniem MS<\/span> <span class=\"meta-nav\">&rarr;<\/span><\/a><\/p>\n","protected":false},"author":1,"featured_media":0,"parent":49,"menu_order":0,"comment_status":"open","ping_status":"open","template":"","meta":{"footnotes":""},"class_list":["post-1370","page","type-page","status-publish","hentry"],"_links":{"self":[{"href":"https:\/\/so3z.com\/index.php?rest_route=\/wp\/v2\/pages\/1370","targetHints":{"allow":["GET"]}}],"collection":[{"href":"https:\/\/so3z.com\/index.php?rest_route=\/wp\/v2\/pages"}],"about":[{"href":"https:\/\/so3z.com\/index.php?rest_route=\/wp\/v2\/types\/page"}],"author":[{"embeddable":true,"href":"https:\/\/so3z.com\/index.php?rest_route=\/wp\/v2\/users\/1"}],"replies":[{"embeddable":true,"href":"https:\/\/so3z.com\/index.php?rest_route=%2Fwp%2Fv2%2Fcomments&post=1370"}],"version-history":[{"count":34,"href":"https:\/\/so3z.com\/index.php?rest_route=\/wp\/v2\/pages\/1370\/revisions"}],"predecessor-version":[{"id":3627,"href":"https:\/\/so3z.com\/index.php?rest_route=\/wp\/v2\/pages\/1370\/revisions\/3627"}],"up":[{"embeddable":true,"href":"https:\/\/so3z.com\/index.php?rest_route=\/wp\/v2\/pages\/49"}],"wp:attachment":[{"href":"https:\/\/so3z.com\/index.php?rest_route=%2Fwp%2Fv2%2Fmedia&parent=1370"}],"curies":[{"name":"wp","href":"https:\/\/api.w.org\/{rel}","templated":true}]}}