{"id":1840,"date":"2014-07-13T14:07:23","date_gmt":"2014-07-13T13:07:23","guid":{"rendered":"http:\/\/so3z.com\/?page_id=1840"},"modified":"2014-07-29T21:06:56","modified_gmt":"2014-07-29T20:06:56","slug":"2014-iii-iaru","status":"publish","type":"page","link":"https:\/\/so3z.com\/?page_id=1840","title":{"rendered":"2014 &#8211; III IARU"},"content":{"rendered":"<p><strong>SN7L  JO70SS  Szrenica Mountain 1362m ASL <\/strong><br \/>\nSN7L contest team (SP7TEE, SP7HKK, SP7MTU, SP7OGP, SQ7DQX, SP3IYM, SQ3SWF, SQ3SWB). I was qrv with Maciek SP7TEE and Wojtek SP7HKK on <strong>2m<\/strong> station. We made 725 QSO on 2m, and about 260000 points. ODX on 2m was LA0BY with QRB 1068km.<br \/>\nOn 70cm 218 QSO about 64000 points and ODX IQ1KW 923km<\/p>\n<hr \/>\n<p><strong>SN7L JO70SS  czyli schronisko na Szrenicy 1362m n.p.m. <\/strong><br \/>\nZn\u00f3w mia\u0142em okazj\u0119 by\u0107 operatorem pod znakiem SN7L, na Szrenic\u0119 z Poznania pojechali\u015bmy w trzech (ze mn\u0105 jeszcze Olgierd SQ3SWF i Szymon SQ3SWB ju\u017c w \u015brod\u0119).<\/p>\n<p>Mateusz SQ7DQX, Piotr SP7OGP, Olgierd SQ3SWF i Szymon SQ3SWB pracowali na 70cm,  Maciek SP7TEE, Wojtek SP7HKK i ja na 2m. Opr\u00f3cz tego na miejscu byli jeszcze Zbyszek SP7MTU, Darek SP6SYO, Krzysztof SQ3GJT. Postawienie wszystkich system\u00f3w posz\u0142o sprawnie i bez wi\u0119kszych problem\u00f3w.<\/p>\n<p> Przed zawodami zrobi\u0142em 140 \u0142\u0105czno\u015bci, mi\u0119dzy innymi uda\u0142o mi si\u0119 ustrzeli\u0107 dwie stacje po 1250km SV na porannym 20 minutowym otwarciu ES, a nast\u0119pnego dnia stacj\u0119 z Francji 1300km kt\u00f3r\u0105 s\u0142ysza\u0142em przez 1.5minuty czy to by\u0142 d\u0142ugi MS czy ES trudno powiedzie\u0107.<\/p>\n<p>A sprz\u0119t to:<br \/>\n70cm: FT-736R, rotor \u017cyrardowski, 60m kabla, a za nim PA 350W, LNA jeszcze pare metr\u00f3w kabla i 2x 21el. DK7ZB ponad 6m nad ska\u0142ami \ud83d\ude42 <br \/>\n2m: mocno zmodyfikowany FT-1000MP,  Transverter zrobiony przez SP7TEE, drivery, prze\u0142\u0105cznik antenowy, r\u00f3wnie\u017c po 60m kabla (x2), rotory (x2), wzmacniacze 400W i 500W, LNA (x2),  2x 12el DK7ZB oraz 2x 12el YU7EF<br \/>\nNo i komputery do logowania, KST, gadaczki.<\/p>\n<p>Pogoda dopisa\u0142a, tylko przez oko\u0142o godzin\u0119 w czasie zawod\u00f3w pada\u0142o i QRN do S9 uniemo\u017cliwia\u0142 wy\u0142apywanie s\u0142abych korespondent\u00f3w \ud83d\ude42 Poza tym ze wzgl\u0119du na Mistrzostwa w Pi\u0142ce oraz doskona\u0142\u0105 pogod\u0119 w wielu rejonach Europy momentami brakowa\u0142o korespondent\u00f3w.<\/p>\n<p> <a href=\"https:\/\/picasaweb.google.com\/103529879792333468916\/SN7LIIIProbySubregionalne2014?noredirect=1\"> Moja Galeria <\/a><br \/>\n<BR \/><br \/>\n<a href=\"https:\/\/so3z.com\/?attachment_id=1856\" rel=\"attachment wp-att-1856\"><img loading=\"lazy\" decoding=\"async\" src=\"https:\/\/so3z.com\/wp-content\/uploads\/2014\/07\/SN7L-144mhz-300x300.jpg\" alt=\"\" title=\"SN7L-144mhz\" width=\"300\" height=\"300\" class=\"alignnone size-medium wp-image-1856\" srcset=\"https:\/\/so3z.com\/wp-content\/uploads\/2014\/07\/SN7L-144mhz-300x300.jpg 300w, https:\/\/so3z.com\/wp-content\/uploads\/2014\/07\/SN7L-144mhz-150x150.jpg 150w, https:\/\/so3z.com\/wp-content\/uploads\/2014\/07\/SN7L-144mhz-1024x1024.jpg 1024w, https:\/\/so3z.com\/wp-content\/uploads\/2014\/07\/SN7L-144mhz.jpg 1800w\" sizes=\"auto, (max-width: 300px) 100vw, 300px\" \/><\/a><\/p>\n<hr \/>\n<p>725QSO 260000pkt<br \/>\n<strong>TOP QRB 144MHz<\/strong><br \/>\nLA0BY JO59 1068km<br \/>\nM0BAA\/P  JO01 1026km<br \/>\nG5LK\/P JO01  992km<br \/>\nIQ3LX\/6 JN72 966km<br \/>\nSM6BFE JO68 905km<br \/>\nIK1SPR JN34   898km<br \/>\nON4WY JO11  882km<br \/>\nTM2F JN19  870km<br \/>\nIK4WKU\/0  JN63  864km<br \/>\nOR7B\/P  JO10   836km<br \/>\nIK6EIW  JN63   835km<br \/>\nON4LDP  JO10   834km<br \/>\nIK5ZWU\/6  JN63  833km<br \/>\nSA6AIN  JO68   829km<br \/>\nIZ1POA JN44   825km<br \/>\nOP7V JO10   819km<br \/>\nIW1CKM  JN45   818km<br \/>\nI2XAV\/1  JN44   817km<br \/>\nON4KHG  JO10   816km<br \/>\nSM6MVE  JO67   816km<br \/>\nIK6LZA  JN63   801km<br \/>\n<\/p>\n<p><a href=\"https:\/\/so3z.com\/?attachment_id=1857\" rel=\"attachment wp-att-1857\"><img loading=\"lazy\" decoding=\"async\" src=\"https:\/\/so3z.com\/wp-content\/uploads\/2014\/07\/SN7L-432mhz-300x300.jpg\" alt=\"\" title=\"SN7L-432mhz\" width=\"300\" height=\"300\" class=\"alignnone size-medium wp-image-1857\" srcset=\"https:\/\/so3z.com\/wp-content\/uploads\/2014\/07\/SN7L-432mhz-300x300.jpg 300w, https:\/\/so3z.com\/wp-content\/uploads\/2014\/07\/SN7L-432mhz-150x150.jpg 150w, https:\/\/so3z.com\/wp-content\/uploads\/2014\/07\/SN7L-432mhz-1024x1024.jpg 1024w, https:\/\/so3z.com\/wp-content\/uploads\/2014\/07\/SN7L-432mhz.jpg 1800w\" sizes=\"auto, (max-width: 300px) 100vw, 300px\" \/><\/a><br \/>\n218QSO 64000pkt<br \/>\n<strong>TOP QRB 432MHz<\/strong><br \/>\nIQ1KW  JN34   923km<br \/>\nPA5KM JO11   817km<br \/>\nI2FHW  JN44   814km<br \/>\nIK2ECM\/5  JN54   792km<br \/>\nI4CIV  JN63   790km<br \/>\nIQ4AX  JN54   789km<br \/>\nIZ3NOC\/4  JN54   789km<br \/>\n9A0R  JN73   779km<br \/>\nIK4PMB  JN54   772km<br \/>\n<\/p>\n<p>Tak nas odbiera\u0142 IK3SSG &#8211; trzeba przewin\u0105\u0107 do 2:40<br \/>\n<iframe loading=\"lazy\" width=\"640\" height=\"480\" src=\"\/\/www.youtube.com\/embed\/PgqTUS0MpnM?rel=0\" frameborder=\"0\" allowfullscreen><\/iframe><br \/>\n<br \/>\nTak nas odbiera\u0142 IK4WKU\/0 &#8211; trzeba przewin\u0105\u0107 do 4:42<br \/>\n<iframe loading=\"lazy\" width=\"640\" height=\"480\" src=\"\/\/www.youtube.com\/embed\/X4xv5nKW_PM\" frameborder=\"0\" allowfullscreen><\/iframe><\/p>\n","protected":false},"excerpt":{"rendered":"<p>SN7L JO70SS Szrenica Mountain 1362m ASL SN7L contest team (SP7TEE, SP7HKK, SP7MTU, SP7OGP, SQ7DQX, SP3IYM, SQ3SWF, SQ3SWB). I was qrv with Maciek SP7TEE and Wojtek SP7HKK on 2m station. We made 725 QSO on 2m, and about 260000 points. ODX on 2m was LA0BY with QRB 1068km. On 70cm 218 QSO about 64000 points and &hellip; <a href=\"https:\/\/so3z.com\/?page_id=1840\" class=\"more-link\">Czytaj dalej <span class=\"screen-reader-text\">2014 &#8211; III IARU<\/span> <span class=\"meta-nav\">&rarr;<\/span><\/a><\/p>\n","protected":false},"author":1,"featured_media":0,"parent":19,"menu_order":15,"comment_status":"open","ping_status":"open","template":"","meta":{"footnotes":""},"class_list":["post-1840","page","type-page","status-publish","hentry"],"_links":{"self":[{"href":"https:\/\/so3z.com\/index.php?rest_route=\/wp\/v2\/pages\/1840","targetHints":{"allow":["GET"]}}],"collection":[{"href":"https:\/\/so3z.com\/index.php?rest_route=\/wp\/v2\/pages"}],"about":[{"href":"https:\/\/so3z.com\/index.php?rest_route=\/wp\/v2\/types\/page"}],"author":[{"embeddable":true,"href":"https:\/\/so3z.com\/index.php?rest_route=\/wp\/v2\/users\/1"}],"replies":[{"embeddable":true,"href":"https:\/\/so3z.com\/index.php?rest_route=%2Fwp%2Fv2%2Fcomments&post=1840"}],"version-history":[{"count":32,"href":"https:\/\/so3z.com\/index.php?rest_route=\/wp\/v2\/pages\/1840\/revisions"}],"predecessor-version":[{"id":1893,"href":"https:\/\/so3z.com\/index.php?rest_route=\/wp\/v2\/pages\/1840\/revisions\/1893"}],"up":[{"embeddable":true,"href":"https:\/\/so3z.com\/index.php?rest_route=\/wp\/v2\/pages\/19"}],"wp:attachment":[{"href":"https:\/\/so3z.com\/index.php?rest_route=%2Fwp%2Fv2%2Fmedia&parent=1840"}],"curies":[{"name":"wp","href":"https:\/\/api.w.org\/{rel}","templated":true}]}}