{"id":2,"date":"2010-08-30T16:33:16","date_gmt":"2010-08-30T16:33:16","guid":{"rendered":"http:\/\/so3z.sp3iym.com\/?page_id=2"},"modified":"2022-09-14T06:57:23","modified_gmt":"2022-09-14T05:57:23","slug":"about","status":"publish","type":"page","link":"https:\/\/so3z.com\/","title":{"rendered":"O mnie"},"content":{"rendered":"<p>Mam na imi\u0119 Andrzej, m\u00f3j znak to SO3Z (pierwsza licencja SP3IYM od roku 2001). Bardzo lubi\u0119 zawody szczeg\u00f3lnie mi\u0119dzynarodowe, pracuj\u0119 w nich pod znakiem SO3Z z trzech r\u00f3\u017cnych lokalizacji. Wyrobi\u0142em po 10 latach posiadania pozwolenia, nowe o mocy 500W \ud83d\ude42 Od 2013 roku jestem r\u00f3wnie\u017c jednym z operator\u00f3w dwa-trzy razy w roku pod znakiem kontestowym SN7L ze Szrenicy, z kt\u00f3rym odnosimy sukcesy w Europie (dwukrotnie 4 miejsce), uda\u0142o nam si\u0119 po wielu latach wystartowa\u0107 z wymarzonej lokalizacji jak\u0105 jest \u015anie\u017cka &#8211; zdobywaj\u0105c dwukrotnie 1 miejsce! i p\u00f3ki co raz 2 miejsce na ca\u0142\u0105 Europ\u0119 w VHF IARU.<\/p>\n<p>Przez par\u0119 lat by\u0142em prezesem, a jestem nadal cz\u0142onkiem <a href=\"http:\/\/sp3yor.net\">SP3YOR<\/a>, wsp\u00f3\u0142opiekunem przemiennik\u00f3w SR3PO, SR3PX, bikon\u00f3w <a href=\"http:\/\/www.sp3yor.net\/?page_id=373\">SR3VHX<\/a>, <a href=\"http:\/\/www.sp3yor.net\/?page_id=362\">SR3LHY<\/a>, SR3YOR <a href=\"http:\/\/www.sp3yor.net\/?page_id=381\">,SR3XHY<\/a>.<\/p>\n<p>Pracowa\u0142em z r\u00f3\u017cnych lokator\u00f3w, z terenu JO82KG i JO82KL poza zawodami, oraz z klubu w lokatorze JO82LJ. Mam za sob\u0105 kilka \u0142\u0105czno\u015bci EME, i zbieram \u015brodki by zbudowa\u0107 zdaln\u0105 stacje do pracy via EME na 2m \ud83d\ude42 R\u00f3wnie\u017c coraz wi\u0119cej \u0142\u0105czno\u015bci via ES i MS i TR, w 2014 wreszcie uda\u0142o si\u0119 zrobi\u0107 pare QSO od Zorzy (AU).<\/p>\n<p>Lubi\u0119 budowa\u0107 anteny testowa\u0107 i por\u00f3wnywa\u0107 najr\u00f3\u017cniejsze konfiguracje.<\/p>\n<p>Moje ulubione pasmo to 144MHz. Najwi\u0119ksze osi\u0105gni\u0119cie do tej pory 1 miejsce Single Operator w SP w 3 pr\u00f3bach subregionalnych 2008 na 25W i pojedynczej antenie z QTH terenowego.\u00a0 A w 2014 &#8211; 1 miejsce w I pr\u00f3bach, II pr\u00f3bach, i zawodach letnich &#8211; ale to ju\u017c na 500W. W 2014 I miejsce we wsp\u00f3\u0142zawodnictwie SPAC, a w 2015 II miejsce w SPAC.<br \/>\nJako multioperator wsp\u00f3lnie z zespo\u0142em SN7L &#8211; 1 miejsce w VHF IARU Contest 2019\u00a0 \ud83d\ude42<\/p>\n<p>W 2021 po 7 latach mieszkania i pracy w Warszawie&#8230; wracam do rodzinnego Poznania, tak wi\u0119c budowa stacji EME ruszy z kopyta w ko\u0144cu. Na uko\u0144czeniu BLF188 i 4x 9el na 2m.<\/p>\n","protected":false},"excerpt":{"rendered":"<p>Mam na imi\u0119 Andrzej, m\u00f3j znak to SO3Z (pierwsza licencja SP3IYM od roku 2001). Bardzo lubi\u0119 zawody szczeg\u00f3lnie mi\u0119dzynarodowe, pracuj\u0119 w nich pod znakiem SO3Z z trzech r\u00f3\u017cnych lokalizacji. Wyrobi\u0142em po 10 latach posiadania pozwolenia, nowe o mocy 500W \ud83d\ude42 Od 2013 roku jestem r\u00f3wnie\u017c jednym z operator\u00f3w dwa-trzy razy w roku pod znakiem kontestowym &hellip; <a href=\"https:\/\/so3z.com\/\" class=\"more-link\">Czytaj dalej <span class=\"screen-reader-text\">O mnie<\/span> <span class=\"meta-nav\">&rarr;<\/span><\/a><\/p>\n","protected":false},"author":1,"featured_media":0,"parent":0,"menu_order":1,"comment_status":"open","ping_status":"open","template":"","meta":{"footnotes":""},"class_list":["post-2","page","type-page","status-publish","hentry"],"_links":{"self":[{"href":"https:\/\/so3z.com\/index.php?rest_route=\/wp\/v2\/pages\/2","targetHints":{"allow":["GET"]}}],"collection":[{"href":"https:\/\/so3z.com\/index.php?rest_route=\/wp\/v2\/pages"}],"about":[{"href":"https:\/\/so3z.com\/index.php?rest_route=\/wp\/v2\/types\/page"}],"author":[{"embeddable":true,"href":"https:\/\/so3z.com\/index.php?rest_route=\/wp\/v2\/users\/1"}],"replies":[{"embeddable":true,"href":"https:\/\/so3z.com\/index.php?rest_route=%2Fwp%2Fv2%2Fcomments&post=2"}],"version-history":[{"count":16,"href":"https:\/\/so3z.com\/index.php?rest_route=\/wp\/v2\/pages\/2\/revisions"}],"predecessor-version":[{"id":4237,"href":"https:\/\/so3z.com\/index.php?rest_route=\/wp\/v2\/pages\/2\/revisions\/4237"}],"wp:attachment":[{"href":"https:\/\/so3z.com\/index.php?rest_route=%2Fwp%2Fv2%2Fmedia&parent=2"}],"curies":[{"name":"wp","href":"https:\/\/api.w.org\/{rel}","templated":true}]}}