{"id":2715,"date":"2016-11-21T12:40:40","date_gmt":"2016-11-21T11:40:40","guid":{"rendered":"http:\/\/so3z.com\/?page_id=2715"},"modified":"2016-11-21T12:41:25","modified_gmt":"2016-11-21T11:41:25","slug":"zorza-17-03-2015","status":"publish","type":"page","link":"https:\/\/so3z.com\/?page_id=2715","title":{"rendered":"Aurora = 17.03.2015"},"content":{"rendered":"<p>U mnie na 144MHz nowy ODX AU (taki sam jak tropo)<br \/>\npoza tym: 49 QSO <\/p>\n<table>\n<tr>\n<td>QSO z QRB >900km<br \/>\n<a href=\"https:\/\/so3z.com\/records\/aurora\/17-03-15\/EI3KD-IO51-AU-1714km.ogg\">EI3KD IO51 1714km<\/a><br \/>\n<a href=\"https:\/\/so3z.com\/records\/aurora\/17-03-15\/G4RRA-IO80-AU-1450km.ogg\">G4RRA IO80 1540km<\/a><br \/>\n<a href=\"https:\/\/so3z.com\/records\/aurora\/17-03-15\/GI4SNA-IO64-AU-1539km.ogg\">GI4SNA IO64 1539km<\/a><br \/>\n<a href=\"https:\/\/so3z.com\/records\/aurora\/17-03-15\/GI6ATZ-IO74-AU-1534km.ogg\">GI6ATZ IO74 1534km<\/a><br \/>\n<a href=\"https:\/\/so3z.com\/records\/aurora\/17-03-15\/UA3MBJ-KO87-AU-1431km.ogg\">UA3MBJ KO87 1431km<\/a><br \/>\n<a href=\"https:\/\/so3z.com\/records\/aurora\/17-03-15\/RN3F-KO86-AU-1394km.ogg\">RN3F KO86 1394km<\/a><br \/>\n<a href=\"https:\/\/so3z.com\/records\/aurora\/17-03-15\/RK9AT-3-KO86-AU-1390km.ogg\">RK9AT\/3 KO86 1390km<\/a><br \/>\n<a href=\"https:\/\/so3z.com\/records\/aurora\/17-03-15\/GW8JLY-IO81-AU-1358km.ogg\">GW8JLY IO81 1358km<\/a><br \/>\n<a href=\"https:\/\/so3z.com\/records\/aurora\/17-03-15\/GW7SMV-IO81-AU-1373km.ogg\">GW7SMV IO81 1373km<\/a><br \/>\n<a href=\"https:\/\/so3z.com\/records\/aurora\/17-03-15\/G4MKF-IO91-AU-1263km.ogg\">G4MKF IO91 1263km<\/a><br \/>\n<a href=\"https:\/\/so3z.com\/records\/aurora\/17-03-15\/EW6BA-KO55-AU-919km.ogg\">EW6BA KO55 919km<\/a><br \/>\n<a href=\"https:\/\/so3z.com\/records\/aurora\/17-03-15\/SK4AO-JP70-AU-918km.ogg\">SK4AO JP70 918km<\/a><br \/>\n<a href=\"https:\/\/so3z.com\/records\/aurora\/17-03-15\/ES5PC-KO38-AU-905km.ogg\">ES5PC KO38 908km<\/a><BR \/><br \/>\n<a href=\"https:\/\/so3z.com\/records\/aurora\/17-03-15\/\">SSB \/ CW AURORA AUDIO RECORDS<\/a>\n<\/td>\n<td> <a href=\"https:\/\/so3z.com\/wp-content\/uploads\/2015\/03\/au.jpg\"><img loading=\"lazy\" decoding=\"async\" src=\"https:\/\/so3z.com\/wp-content\/uploads\/2015\/03\/au-300x210.jpg\" alt=\"\" title=\"au\" width=\"300\" height=\"210\" class=\"alignnone size-medium wp-image-2274\" srcset=\"https:\/\/so3z.com\/wp-content\/uploads\/2015\/03\/au-300x210.jpg 300w, https:\/\/so3z.com\/wp-content\/uploads\/2015\/03\/au-1024x719.jpg 1024w, https:\/\/so3z.com\/wp-content\/uploads\/2015\/03\/au.jpg 1662w\" sizes=\"auto, (max-width: 300px) 100vw, 300px\" \/><\/a>\n<\/td>\n<\/tr>\n<\/table>\n<p>3 nowe lokatory. Pot\u0119\u017cne sygna\u0142y sporo \u0142\u0105czno\u015bci SSB &#8211; najbardziej na po\u0142udnie JN48 \/ JN49 \/ JN59 u mnie.<br \/>\nS\u0142abo sobie radz\u0119 z CW zorzowym niestety. Sygna\u0142 zorzy by\u0142 s\u0142yszalny pomi\u0119dzy 315 a 55 stopniami<\/p>\n<p>Najlepsza zorza od wielu lat. Pojawi\u0142a si\u0119 w JO82 ko\u0142o 15 lokalnego czasu (s\u0142ucha\u0142em zdalnie), a sko\u0144czy\u0142a po 20 czasu lokalnego. Potem zn\u00f3w sygna\u0142y zacz\u0119\u0142y chrypie\u0107 &#8211; i a\u017c do 1 w nocy by\u0142o s\u0142ycha\u0107 zorz\u0119. Niebawem mapka i nagrania \ud83d\ude42<br \/>\nS\u0142ysza\u0142em te\u017c;<br \/>\nSM5EPO, SM5DWF, YL3GEA, PD4HDB, SP2HMR, GM3CUI, G8GXP, LA3EQ, SP1MVG, SM0KAK,<br \/>\nniekompletne \u0142\u0105czno\u015bci  lub z b\u0142\u0119dami: LA2IMA, EW3SS, ES6FX, ES5AKC<\/p>\n<table>\n<tr>\n<td><a href=\"https:\/\/so3z.com\/wp-content\/uploads\/2015\/03\/au1.jpg\"><img loading=\"lazy\" decoding=\"async\" src=\"https:\/\/so3z.com\/wp-content\/uploads\/2015\/03\/au1-300x300.jpg\" alt=\"\" title=\"au1\" width=\"300\" height=\"300\" class=\"alignnone size-medium wp-image-2276\" srcset=\"https:\/\/so3z.com\/wp-content\/uploads\/2015\/03\/au1-300x300.jpg 300w, https:\/\/so3z.com\/wp-content\/uploads\/2015\/03\/au1-150x150.jpg 150w, https:\/\/so3z.com\/wp-content\/uploads\/2015\/03\/au1.jpg 800w\" sizes=\"auto, (max-width: 300px) 100vw, 300px\" \/><\/a><\/td>\n<td><a href=\"https:\/\/so3z.com\/wp-content\/uploads\/2015\/03\/au2.jpg\"><img loading=\"lazy\" decoding=\"async\" src=\"https:\/\/so3z.com\/wp-content\/uploads\/2015\/03\/au2-300x300.jpg\" alt=\"\" title=\"au2\" width=\"300\" height=\"300\" class=\"alignnone size-medium wp-image-2277\" srcset=\"https:\/\/so3z.com\/wp-content\/uploads\/2015\/03\/au2-300x300.jpg 300w, https:\/\/so3z.com\/wp-content\/uploads\/2015\/03\/au2-150x150.jpg 150w, https:\/\/so3z.com\/wp-content\/uploads\/2015\/03\/au2.jpg 800w\" sizes=\"auto, (max-width: 300px) 100vw, 300px\" \/><\/a><\/td>\n<\/tr>\n<\/table>\n<p><iframe loading=\"lazy\" width=\"560\" height=\"315\" src=\"https:\/\/www.youtube.com\/embed\/yC7LnuQJLaU\" frameborder=\"0\" allowfullscreen><\/iframe><\/p>\n<p>Zorza by\u0142a r\u00f3wnie\u017c widoczna w Polsce a nawet dalej na po\u0142udnie. Zdj\u0119cia Konrada Kosmatki FMDX.pl z okolic P\u0142ocka.<br \/>\n<a href=\"http:\/\/s1.fmdx.pl\/aur.jpg\">FOTO 1 (JO92)<\/a> <a href=\"http:\/\/s1.fmdx.pl\/aur2.jpg\">FOTO 2 (JO92)<\/a><\/p>\n<p>============<\/p>\n<p>I hit a new 2m ODX on Aurora &#8211; the same station as my tropo ODX. Except that: 49 QSO. Three new locators. Huge signals and lot of contacts on SSB &#8211; southernmost locator squares: JN48 \/ JN49 \/ JN59. Unfortunately, I&#8217;m not dealing well with Aurora CW signals. It was the best Aurora for a long time. It appeared in JO82 about 15:00 local time (I was listening using remote station) and disappeared after 20:00 LT. After some time, creaky signals popped up again &#8211; aurora could be heard up to 1AM. I&#8217;ve also heard: SM5EPO, SM5DWF, YL3GEA, PD4HDB, SP2HMR, GM3CUI, G8GXP, LA3EQ, SP1MVG, SM0KAK Incomplete or with errors: LA2IMA, EW3SS, ES6FX, ES5AKC.<br \/>\nAurora signal between QTF 315 to 55 deg.<\/p>\n<p>Aurora was visible in Poland, and even further on the south. Photos by Konrad Kosmatka FMDX.pl the outskirts of P\u0142ock city:<br \/>\n<a href=\"http:\/\/s1.fmdx.pl\/aur.jpg\">FOTO 1 (JO92)<\/a> <a href=\"http:\/\/s1.fmdx.pl\/aur2.jpg\">FOTO 2 (JO92)<\/a><br \/>\n<br \/>\nTimelaps record made in JO82KL near my QTH  (JO82LJ)<br \/>\n<iframe loading=\"lazy\" width=\"560\" height=\"315\" src=\"https:\/\/www.youtube.com\/embed\/aXvNq3UFzX0\" frameborder=\"0\" allowfullscreen><\/iframe><\/p>\n","protected":false},"excerpt":{"rendered":"<p>U mnie na 144MHz nowy ODX AU (taki sam jak tropo) poza tym: 49 QSO QSO z QRB >900km EI3KD IO51 1714km G4RRA IO80 1540km GI4SNA IO64 1539km GI6ATZ IO74 1534km UA3MBJ KO87 1431km RN3F KO86 1394km RK9AT\/3 KO86 1390km GW8JLY IO81 1358km GW7SMV IO81 1373km G4MKF IO91 1263km EW6BA KO55 919km SK4AO JP70 918km &hellip; <a href=\"https:\/\/so3z.com\/?page_id=2715\" class=\"more-link\">Czytaj dalej <span class=\"screen-reader-text\">Aurora = 17.03.2015<\/span> <span class=\"meta-nav\">&rarr;<\/span><\/a><\/p>\n","protected":false},"author":1,"featured_media":0,"parent":2669,"menu_order":0,"comment_status":"closed","ping_status":"closed","template":"","meta":{"footnotes":""},"class_list":["post-2715","page","type-page","status-publish","hentry"],"_links":{"self":[{"href":"https:\/\/so3z.com\/index.php?rest_route=\/wp\/v2\/pages\/2715","targetHints":{"allow":["GET"]}}],"collection":[{"href":"https:\/\/so3z.com\/index.php?rest_route=\/wp\/v2\/pages"}],"about":[{"href":"https:\/\/so3z.com\/index.php?rest_route=\/wp\/v2\/types\/page"}],"author":[{"embeddable":true,"href":"https:\/\/so3z.com\/index.php?rest_route=\/wp\/v2\/users\/1"}],"replies":[{"embeddable":true,"href":"https:\/\/so3z.com\/index.php?rest_route=%2Fwp%2Fv2%2Fcomments&post=2715"}],"version-history":[{"count":2,"href":"https:\/\/so3z.com\/index.php?rest_route=\/wp\/v2\/pages\/2715\/revisions"}],"predecessor-version":[{"id":2718,"href":"https:\/\/so3z.com\/index.php?rest_route=\/wp\/v2\/pages\/2715\/revisions\/2718"}],"up":[{"embeddable":true,"href":"https:\/\/so3z.com\/index.php?rest_route=\/wp\/v2\/pages\/2669"}],"wp:attachment":[{"href":"https:\/\/so3z.com\/index.php?rest_route=%2Fwp%2Fv2%2Fmedia&parent=2715"}],"curies":[{"name":"wp","href":"https:\/\/api.w.org\/{rel}","templated":true}]}}