{"id":305,"date":"2011-08-16T17:49:01","date_gmt":"2011-08-16T16:49:01","guid":{"rendered":"http:\/\/so3z.com\/?page_id=305"},"modified":"2022-02-07T10:28:21","modified_gmt":"2022-02-07T09:28:21","slug":"jo82kg-osowa-gora","status":"publish","type":"page","link":"https:\/\/so3z.com\/?page_id=305","title":{"rendered":"JO82KG  Mosina"},"content":{"rendered":"<p>JO82KG  52\u00b0 15&#8242; 23.92&#8243; N  16\u00b0 50&#8242; 08&#8243; E<br \/>\nOsowa G\u00f3ra k\/ Mosiny  132m n.p.m.<br \/>\nDojazd asfaltow\u0105 drog\u0105, niestety szczyt zalesiony. Ale 10m maszt wystarczy by wyj\u015b\u0107 nad drzewa.<\/p>\n<p>W pobli\u017cu szczytu, Gmina z pieni\u0119dzy UE buduje 17 metrow\u0105 drewnian\u0105 wie\u017c\u0119 widokow\u0105. Mo\u017ce uda si\u0119 skorzysta\u0107 w czasie zawod\u00f3w \ud83d\ude42<br \/>\n<a href=\"https:\/\/photos.app.goo.gl\/WKos4BVKqesYjL1y5\">Wie\u017ca ju\u017c stoi a oto widoki z niej <\/a><\/p>\n<p><a href=\"https:\/\/www.heywhatsthat.com\/?view=P2C0CT8B\">Horyzont Google<\/a><\/p>\n","protected":false},"excerpt":{"rendered":"<p>JO82KG 52\u00b0 15&#8242; 23.92&#8243; N 16\u00b0 50&#8242; 08&#8243; E Osowa G\u00f3ra k\/ Mosiny 132m n.p.m. Dojazd asfaltow\u0105 drog\u0105, niestety szczyt zalesiony. Ale 10m maszt wystarczy by wyj\u015b\u0107 nad drzewa. W pobli\u017cu szczytu, Gmina z pieni\u0119dzy UE buduje 17 metrow\u0105 drewnian\u0105 wie\u017c\u0119 widokow\u0105. Mo\u017ce uda si\u0119 skorzysta\u0107 w czasie zawod\u00f3w \ud83d\ude42 Wie\u017ca ju\u017c stoi a oto &hellip; <a href=\"https:\/\/so3z.com\/?page_id=305\" class=\"more-link\">Czytaj dalej <span class=\"screen-reader-text\">JO82KG  Mosina<\/span> <span class=\"meta-nav\">&rarr;<\/span><\/a><\/p>\n","protected":false},"author":1,"featured_media":0,"parent":11,"menu_order":3,"comment_status":"open","ping_status":"open","template":"","meta":{"footnotes":""},"class_list":["post-305","page","type-page","status-publish","hentry"],"_links":{"self":[{"href":"https:\/\/so3z.com\/index.php?rest_route=\/wp\/v2\/pages\/305","targetHints":{"allow":["GET"]}}],"collection":[{"href":"https:\/\/so3z.com\/index.php?rest_route=\/wp\/v2\/pages"}],"about":[{"href":"https:\/\/so3z.com\/index.php?rest_route=\/wp\/v2\/types\/page"}],"author":[{"embeddable":true,"href":"https:\/\/so3z.com\/index.php?rest_route=\/wp\/v2\/users\/1"}],"replies":[{"embeddable":true,"href":"https:\/\/so3z.com\/index.php?rest_route=%2Fwp%2Fv2%2Fcomments&post=305"}],"version-history":[{"count":14,"href":"https:\/\/so3z.com\/index.php?rest_route=\/wp\/v2\/pages\/305\/revisions"}],"predecessor-version":[{"id":4184,"href":"https:\/\/so3z.com\/index.php?rest_route=\/wp\/v2\/pages\/305\/revisions\/4184"}],"up":[{"embeddable":true,"href":"https:\/\/so3z.com\/index.php?rest_route=\/wp\/v2\/pages\/11"}],"wp:attachment":[{"href":"https:\/\/so3z.com\/index.php?rest_route=%2Fwp%2Fv2%2Fmedia&parent=305"}],"curies":[{"name":"wp","href":"https:\/\/api.w.org\/{rel}","templated":true}]}}