{"id":3207,"date":"2018-06-05T13:04:10","date_gmt":"2018-06-05T12:04:10","guid":{"rendered":"http:\/\/so3z.com\/?page_id=3207"},"modified":"2018-11-06T00:32:06","modified_gmt":"2018-11-05T23:32:06","slug":"tropo-05-06-2018","status":"publish","type":"page","link":"https:\/\/so3z.com\/?page_id=3207","title":{"rendered":"Tropo =  05.06.2018"},"content":{"rendered":"<p><a href=\"https:\/\/so3z.com\/wp-content\/uploads\/2018\/06\/tropo.png\"><img loading=\"lazy\" decoding=\"async\" src=\"https:\/\/so3z.com\/wp-content\/uploads\/2018\/06\/tropo-1024x504.png\" alt=\"\" width=\"474\" height=\"233\" class=\"alignnone size-large wp-image-3193\" srcset=\"https:\/\/so3z.com\/wp-content\/uploads\/2018\/06\/tropo-1024x504.png 1024w, https:\/\/so3z.com\/wp-content\/uploads\/2018\/06\/tropo-300x148.png 300w, https:\/\/so3z.com\/wp-content\/uploads\/2018\/06\/tropo-768x378.png 768w, https:\/\/so3z.com\/wp-content\/uploads\/2018\/06\/tropo.png 1414w\" sizes=\"auto, (max-width: 474px) 100vw, 474px\" \/><\/a><br \/>\nS\u0142abe tropo na UK, w nocy by\u0142o s\u0142ycha\u0107 \u015bladowo OY6BEC IP62 144.402 1774km (25W 2el), a w dzie\u0144 na FT8:<br \/>\nM1GSM IO94 (35W) 1260km<br \/>\nG8GXP IO93 1245km<br \/>\nG4HGI IO92 1323km<br \/>\n<a href=\"https:\/\/i.imgur.com\/uN2mGTn.jpg\">GI6ATZ IO74<\/a> 1534km<br \/>\nG8VHI IO92 1254km<br \/>\nG4KUX IO94 1270km<br \/>\nG8TTI IO81 1313km<br \/>\nPE1BIW JO32 735km<\/p>\n<p>MAPA <a href=\"http:\/\/lcbsweden.com\/www-sm7lcb\/maps\/qso_map\/map_output.htm?JO82LJ;IO94DR;IO83PL;IO94BP;IO92FM;IO81WK;IO74AJ;IO93FQ;JO32BT;\">MAPA<\/a><\/p>\n<p>S\u0142ysza\u0142em raz GM4FVM IO85 1302km i GW7SMV IO81 1373km kilka razy max -13dB.<br \/>\n<a href=\"https:\/\/so3z.com\/wp-content\/uploads\/2018\/06\/03.png\"><img loading=\"lazy\" decoding=\"async\" src=\"https:\/\/so3z.com\/wp-content\/uploads\/2018\/06\/03.png\" alt=\"\" width=\"800\" height=\"618\" class=\"alignnone size-full wp-image-3201\" srcset=\"https:\/\/so3z.com\/wp-content\/uploads\/2018\/06\/03.png 800w, https:\/\/so3z.com\/wp-content\/uploads\/2018\/06\/03-300x232.png 300w, https:\/\/so3z.com\/wp-content\/uploads\/2018\/06\/03-768x593.png 768w\" sizes=\"auto, (max-width: 800px) 100vw, 800px\" \/><\/a><br \/>\n<a href=\"https:\/\/so3z.com\/wp-content\/uploads\/2018\/06\/06.png\"><img loading=\"lazy\" decoding=\"async\" src=\"https:\/\/so3z.com\/wp-content\/uploads\/2018\/06\/06.png\" alt=\"\" width=\"800\" height=\"618\" class=\"alignnone size-full wp-image-3202\" srcset=\"https:\/\/so3z.com\/wp-content\/uploads\/2018\/06\/06.png 800w, https:\/\/so3z.com\/wp-content\/uploads\/2018\/06\/06-300x232.png 300w, https:\/\/so3z.com\/wp-content\/uploads\/2018\/06\/06-768x593.png 768w\" sizes=\"auto, (max-width: 800px) 100vw, 800px\" \/><\/a><br \/>\n<a href=\"https:\/\/so3z.com\/wp-content\/uploads\/2018\/06\/nwe018.jpg\"><img loading=\"lazy\" decoding=\"async\" src=\"https:\/\/so3z.com\/wp-content\/uploads\/2018\/06\/nwe018.jpg\" alt=\"\" width=\"800\" height=\"618\" class=\"alignnone size-full wp-image-3203\" srcset=\"https:\/\/so3z.com\/wp-content\/uploads\/2018\/06\/nwe018.jpg 800w, https:\/\/so3z.com\/wp-content\/uploads\/2018\/06\/nwe018-300x232.jpg 300w, https:\/\/so3z.com\/wp-content\/uploads\/2018\/06\/nwe018-768x593.jpg 768w\" sizes=\"auto, (max-width: 800px) 100vw, 800px\" \/><\/a><\/p>\n<p><a href=\"https:\/\/so3z.com\/wp-content\/uploads\/2018\/06\/d_20180605_h06_euro_en.gif\"><img loading=\"lazy\" decoding=\"async\" src=\"https:\/\/so3z.com\/wp-content\/uploads\/2018\/06\/d_20180605_h06_euro_en.gif\" alt=\"\" width=\"500\" height=\"538\" class=\"alignnone size-full wp-image-3205\" \/><\/a><\/p>\n","protected":false},"excerpt":{"rendered":"<p>S\u0142abe tropo na UK, w nocy by\u0142o s\u0142ycha\u0107 \u015bladowo OY6BEC IP62 144.402 1774km (25W 2el), a w dzie\u0144 na FT8: M1GSM IO94 (35W) 1260km G8GXP IO93 1245km G4HGI IO92 1323km GI6ATZ IO74 1534km G8VHI IO92 1254km G4KUX IO94 1270km G8TTI IO81 1313km PE1BIW JO32 735km MAPA MAPA S\u0142ysza\u0142em raz GM4FVM IO85 1302km i GW7SMV IO81 &hellip; <a href=\"https:\/\/so3z.com\/?page_id=3207\" class=\"more-link\">Czytaj dalej <span class=\"screen-reader-text\">Tropo =  05.06.2018<\/span> <span class=\"meta-nav\">&rarr;<\/span><\/a><\/p>\n","protected":false},"author":1,"featured_media":0,"parent":2669,"menu_order":0,"comment_status":"closed","ping_status":"closed","template":"","meta":{"footnotes":""},"class_list":["post-3207","page","type-page","status-publish","hentry"],"_links":{"self":[{"href":"https:\/\/so3z.com\/index.php?rest_route=\/wp\/v2\/pages\/3207","targetHints":{"allow":["GET"]}}],"collection":[{"href":"https:\/\/so3z.com\/index.php?rest_route=\/wp\/v2\/pages"}],"about":[{"href":"https:\/\/so3z.com\/index.php?rest_route=\/wp\/v2\/types\/page"}],"author":[{"embeddable":true,"href":"https:\/\/so3z.com\/index.php?rest_route=\/wp\/v2\/users\/1"}],"replies":[{"embeddable":true,"href":"https:\/\/so3z.com\/index.php?rest_route=%2Fwp%2Fv2%2Fcomments&post=3207"}],"version-history":[{"count":2,"href":"https:\/\/so3z.com\/index.php?rest_route=\/wp\/v2\/pages\/3207\/revisions"}],"predecessor-version":[{"id":3349,"href":"https:\/\/so3z.com\/index.php?rest_route=\/wp\/v2\/pages\/3207\/revisions\/3349"}],"up":[{"embeddable":true,"href":"https:\/\/so3z.com\/index.php?rest_route=\/wp\/v2\/pages\/2669"}],"wp:attachment":[{"href":"https:\/\/so3z.com\/index.php?rest_route=%2Fwp%2Fv2%2Fmedia&parent=3207"}],"curies":[{"name":"wp","href":"https:\/\/api.w.org\/{rel}","templated":true}]}}