{"id":3336,"date":"2018-11-06T00:28:32","date_gmt":"2018-11-05T23:28:32","guid":{"rendered":"http:\/\/so3z.com\/?page_id=3336"},"modified":"2018-11-06T12:29:27","modified_gmt":"2018-11-06T11:29:27","slug":"tropo-05-11-2018","status":"publish","type":"page","link":"https:\/\/so3z.com\/?page_id=3336","title":{"rendered":"Tropo = 05.11.2018"},"content":{"rendered":"<p>Tropo zacz\u0105\u0142em si\u0119 nad ranem, zrobi\u0142em na FT8  nowy lokator KN37, s\u0142ysza\u0142em r\u00f3wnie\u017c z rana G8GXP IO93 i G4KUX IO94.<br \/>\nPrawdziwe tropo nadesz\u0142o popo\u0142udniem.  Jeszcze jeden nowy lokator upolowa\u0142em mianowicie KO34. Dla mnie jest to rzadko\u015b\u0107 by tropo przychodzi\u0142o ze wschodu, najbardziej niekorzystny kierunek, wzg\u00f3rza na granicy Wielkopolski i \u0141odzi dalej rzeka Wis\u0142a jak r\u00f3wnie\u017c pag\u00f3rkowaty teren SP4\/SP8, a dalej rzeki Narew i Bug jak i Mazurskie jeziora,  mocno blokuj\u0105 zazwyczaj tropo.<br \/>\nDodatkowo problemem s\u0105 silne impulsowe zak\u0142\u00f3cenia od linii 2x 110kV w azymutach 50-90 stopni.<br \/>\nU mnie 50W z IC-7100, LNA HA8ET +18dB pod anten\u0105, kabel 1\/2&#8243; 35 metr\u00f3w + 8m RF10, antena 14el OWL DK7ZB 40 metr\u00f3w od gruntu na 11 pi\u0119trowym bloku. Wszystko sterowane poprzez RemoteRIG i K3NG.<br \/>\nW Logu wg. odleg\u0142o\u015bci<\/p>\n<td>\n<table>\n<tr>\n<td>DATA  GODZ<\/td>\n<td>ZNAK<\/td>\n<td>MODE<\/td>\n<td>RAPORTY<\/td>\n<td>LOC<\/td>\n<td>QRB<\/td>\n<\/tr>\n<tr>\n<td>05\/11\/2018\t17:39<\/td>\n<td>RA3XAL<\/td>\n<td>FT8<\/td>\n<td>-14\/-2<\/td>\n<td>KO84DM<\/td>\n<td>1301km<\/td>\n<\/tr>\n<tr>\n<td>05\/11\/2018\t20:47<\/td>\n<td>R3ICQ<\/td>\n<td>FT8<\/td>\n<td>-21\/-21<\/td>\n<td>KO77LJ<\/td>\n<td>1277km<\/td>\n<\/tr>\n<tr>\n<td>05\/11\/2018\t18:06<\/td>\n<td>R5WM<\/td>\n<td>FT8<\/td>\n<td>-16\/-21<\/td>\n<td>KO72QI<\/td>\n<td>1251km<\/td>\n<\/tr>\n<tr>\n<td>05\/11\/2018\t22:33<\/td>\n<td>RK1AS<\/td>\n<td>FT8<\/td>\n<td>-10\/-18<\/td>\n<td>KP40UE<\/td>\n<td>1169km<\/td>\n<\/tr>\n<tr>\n<td>05\/11\/2018\t22:05<\/td>\n<td>OH5LK<\/td>\n<td>CW<\/td>\n<td>559\/559<\/td>\n<td>KP30ON<\/td>\n<td>1104km<\/td>\n<\/tr>\n<tr>\n<td>05\/11\/2018\t22:12<\/td>\n<td>ES4RM<\/td>\n<td>FT8<\/td>\n<td>-10\/-17<\/td>\n<td>KO49AL<\/td>\n<td>1047km  50W,5el hrd CW<\/td>\n<\/tr>\n<tr>\n<td>05\/11\/2018\t18:38<\/td>\n<td>RA3LBW<\/td>\n<td>FT8<\/td>\n<td>-12\/-6<\/td>\n<td>KO64AT<\/td>\n<td>1032km<\/td>\n<\/tr>\n<tr>\n<td>05\/11\/2018\t16:46<\/td>\n<td>RM1W<\/td>\n<td>FT8<\/td>\n<td>-13\/-16<\/td>\n<td>KO55JR<\/td>\n<td>977km<\/td>\n<\/tr>\n<tr>\n<td>05\/11\/2018\t16:52<\/td>\n<td>R3LW<\/td>\n<td>FT8<\/td>\n<td>-18\/-18<\/td>\n<td>KO54MQ<\/td>\n<td>966km<\/td>\n<\/tr>\n<tr>\n<td>05\/11\/2018\t18:40<\/td>\n<td>EW7T<\/td>\n<td>FT8<\/td>\n<td>-12\/-9<\/td>\n<td>KO53EV<\/td>\n<td>912km<\/td>\n<\/tr>\n<tr>\n<td>05\/11\/2018\t19:45<\/td>\n<td>ES5PC<\/td>\n<td>CW<\/td>\n<td>559\/559<\/td>\n<td>KO38HJ<\/td>\n<td>905km<\/td>\n<\/tr>\n<tr>\n<td>05\/11\/2018\t21:38<\/td>\n<td>ES3RF<\/td>\n<td>CW<\/td>\n<td>559\/559<\/td>\n<td>KO29IF<\/td>\n<td>901km<\/td>\n<\/tr>\n<tr>\n<td>05\/11\/2018\t18:33<\/td>\n<td>YL2FZ<\/td>\n<td>FT8<\/td>\n<td>-1\/+1<\/td>\n<td>KO37QI<\/td>\n<td>865km<\/td>\n<\/tr>\n<tr>\n<td>05\/11\/2018\t19:31<\/td>\n<td>EU6FN<\/td>\n<td>SSB<\/td>\n<td>59\/58<\/td>\n<td>KO45JL<\/td>\n<td>848km<\/td>\n<\/tr>\n<tr>\n<td>05\/11\/2018\t19:07<\/td>\n<td>EW6X<\/td>\n<td>FT8<\/td>\n<td>-4\/-9<\/td>\n<td>KO45IM<\/td>\n<td>845km<\/td>\n<\/tr>\n<tr>\n<td>05\/11\/2018\t08:20<\/td>\n<td>YO8TNB<\/td>\n<td>FT8<\/td>\n<td>-10\/-15<\/td>\n<td>KN37EW<\/td>\n<td>835km new#<\/td>\n<\/tr>\n<tr>\n<td>05\/11\/2018\t17:57<\/td>\n<td>YL100L<\/td>\n<td>SSB<\/td>\n<td>59\/59<\/td>\n<td>KO36QM<\/td>\n<td>815km<\/td>\n<\/tr>\n<tr>\n<td>05\/11\/2018\t21:03<\/td>\n<td>SM0MLZ<\/td>\n<td>FT8<\/td>\n<td>1\/-4<\/td>\n<td>JO99FM<\/td>\n<td>799km<\/td>\n<\/tr>\n<tr>\n<td>05\/11\/2018\t21:05<\/td>\n<td>SM0MDG<\/td>\n<td>FT8<\/td>\n<td>-19\/-15<\/td>\n<td>JO99AA<\/td>\n<td>741km<\/td>\n<\/tr>\n<tr>\n<td>05\/11\/2018\t16:36<\/td>\n<td>EU1RC<\/td>\n<td>SSB<\/td>\n<td>54\/55<\/td>\n<td>KO33TX<\/td>\n<td>734km<\/td>\n<\/tr>\n<tr>\n<td>05\/11\/2018\t16:38<\/td>\n<td>EU1AI<\/td>\n<td>SSB<\/td>\n<td>53\/55<\/td>\n<td>KO33SV<\/td>\n<td>727km<\/td>\n<\/tr>\n<tr>\n<td>05\/11\/2018\t16:25<\/td>\n<td>EW6FS<\/td>\n<td>CW<\/td>\n<td>599\/599<\/td>\n<td>KO35LB<\/td>\n<td>723km<\/td>\n<\/tr>\n<tr>\n<td>05\/11\/2018\t17:02<\/td>\n<td>EW2BZ<\/td>\n<td>CW<\/td>\n<td>539\/599<\/td>\n<td>KO34OD<\/td>\n<td>710km new# 10W 12el, hrd SSB<\/td>\n<\/tr>\n<tr>\n<td>05\/11\/2018\t21:24<\/td>\n<td>YL2TD<\/td>\n<td>CW<\/td>\n<td>579\/599<\/td>\n<td>KO26CV<\/td>\n<td>685km<\/td>\n<\/tr>\n<tr>\n<td>05\/11\/2018\t08:36<\/td>\n<td>UX2SB<\/td>\n<td>FT8<\/td>\n<td>-4\/-4<\/td>\n<td>KN28IX<\/td>\n<td>666km<\/td>\n<\/tr>\n<tr>\n<td>05\/11\/2018\t19:25<\/td>\n<td>LY3DE<\/td>\n<td>SSB<\/td>\n<td>59\/59<\/td>\n<td>KO25SJ<\/td>\n<td>655km<\/td>\n<\/tr>\n<tr>\n<td>05\/11\/2018\t19:21<\/td>\n<td>LY3A<\/td>\n<td>SSB<\/td>\n<td>57\/57<\/td>\n<td>KO25DB<\/td>\n<td>567km<\/td>\n<\/tr>\n<tr>\n<td>05\/11\/2018\t19:37<\/td>\n<td>LY2CH<\/td>\n<td>SSB<\/td>\n<td>58\/59<\/td>\n<td>KO15ON<\/td>\n<td>540km<\/td>\n<\/tr>\n<tr>\n<td>05\/11\/2018\t21:22<\/td>\n<td>LY1CR<\/td>\n<td>CW<\/td>\n<td>599\/599<\/td>\n<td>KO15CL<\/td>\n<td>486km<\/td>\n<\/tr>\n<tr>\n<td>05\/11\/2018\t20:50<\/td>\n<td>SP4MPH<\/td>\n<td>FT8<\/td>\n<td>-15\/-19<\/td>\n<td>KO14LC<\/td>\n<td>443km<\/td>\n<\/tr>\n<tr>\n<td>05\/11\/2018\t18:29<\/td>\n<td>SP4JLT<\/td>\n<td>FT8<\/td>\n<td>-12\/-13<\/td>\n<td>KO13OC<\/td>\n<td>429km<\/td>\n<\/tr>\n<tr>\n<td>05\/11\/2018\t15:37<\/td>\n<td>RA2FGG<\/td>\n<td>SSB<\/td>\n<td>55\/55<\/td>\n<td>KO04XL<\/td>\n<td>405km<\/td>\n<\/tr>\n<tr>\n<td>05\/11\/2018\t21:26<\/td>\n<td>UA2FY<\/td>\n<td>CW<\/td>\n<td>599\/599<\/td>\n<td>KO04FS<\/td>\n<td>351km<\/td>\n<\/tr>\n<tr>\n<td>05\/11\/2018\t20:52<\/td>\n<td>SQ4INP<\/td>\n<td>FT8<\/td>\n<td>+10\/+15<\/td>\n<td>KO03FS<\/td>\n<td>280km<\/td>\n<\/tr>\n<\/table>\n<p>Opr\u00f3cz tego s\u0142ysza\u0142em G8GXP @FT8, G4KUX @FT8, OH1ND @FT8, OH6KTL @FT8, YL2EM @SSB, SQ4OJD @FM, SM0KAK @CW,  w nocy odbiera\u0142em bikon OH2VHF<\/p>\n<p><a href=\"https:\/\/so3z.com\/wp-content\/uploads\/2018\/11\/TROPO0511.jpg\"><img loading=\"lazy\" decoding=\"async\" src=\"https:\/\/so3z.com\/wp-content\/uploads\/2018\/11\/TROPO0511-997x1024.jpg\" alt=\"\" width=\"474\" height=\"487\" class=\"alignnone size-large wp-image-3332\" srcset=\"https:\/\/so3z.com\/wp-content\/uploads\/2018\/11\/TROPO0511-997x1024.jpg 997w, https:\/\/so3z.com\/wp-content\/uploads\/2018\/11\/TROPO0511-292x300.jpg 292w, https:\/\/so3z.com\/wp-content\/uploads\/2018\/11\/TROPO0511-768x789.jpg 768w, https:\/\/so3z.com\/wp-content\/uploads\/2018\/11\/TROPO0511.jpg 1193w\" sizes=\"auto, (max-width: 474px) 100vw, 474px\" \/><\/a>   <a href=\"http:\/\/lcbsweden.com\/www-sm7lcb\/maps\/qso_map\/map_output.htm?JO82LJ;KO84DM;KO77LJ;KO72QI;KP40UE;KP30ON;KO49AL;KO64AT;KO55JR;KO54MQ;KO53EV;KO38HJ;KO29IF;KO37QI;KO45JL;KO45IM;KN37EW;KO36QM;JO99FM;JO99AA;KO33TX;KO33SV;KO35LB;KO34OD;KO26CV;KN28IX;KO25SJ;KO25DB;KO15ON;KO15CL;KO14LC;KO13OC;KO04XL;KO04FS;KO03FS;\">MAPA 2<\/a><\/p>\n<p><a href=\"https:\/\/so3z.com\/wp-content\/uploads\/2018\/11\/eur018.jpg\"><img loading=\"lazy\" decoding=\"async\" src=\"https:\/\/so3z.com\/wp-content\/uploads\/2018\/11\/eur018-300x232.jpg\" alt=\"\" width=\"300\" height=\"232\" class=\"alignnone size-medium wp-image-3353\" srcset=\"https:\/\/so3z.com\/wp-content\/uploads\/2018\/11\/eur018-300x232.jpg 300w, https:\/\/so3z.com\/wp-content\/uploads\/2018\/11\/eur018-768x593.jpg 768w, https:\/\/so3z.com\/wp-content\/uploads\/2018\/11\/eur018.jpg 800w\" sizes=\"auto, (max-width: 300px) 100vw, 300px\" \/><\/a><a href=\"https:\/\/so3z.com\/wp-content\/uploads\/2018\/11\/eur021.jpg\"><img loading=\"lazy\" decoding=\"async\" src=\"https:\/\/so3z.com\/wp-content\/uploads\/2018\/11\/eur021-300x232.jpg\" alt=\"\" width=\"300\" height=\"232\" class=\"alignnone size-medium wp-image-3354\" srcset=\"https:\/\/so3z.com\/wp-content\/uploads\/2018\/11\/eur021-300x232.jpg 300w, https:\/\/so3z.com\/wp-content\/uploads\/2018\/11\/eur021-768x593.jpg 768w, https:\/\/so3z.com\/wp-content\/uploads\/2018\/11\/eur021.jpg 800w\" sizes=\"auto, (max-width: 300px) 100vw, 300px\" \/><\/a><a href=\"https:\/\/so3z.com\/wp-content\/uploads\/2018\/11\/eeu030.jpg\"><img loading=\"lazy\" decoding=\"async\" src=\"https:\/\/so3z.com\/wp-content\/uploads\/2018\/11\/eeu030-300x232.jpg\" alt=\"\" width=\"300\" height=\"232\" class=\"alignnone size-medium wp-image-3355\" srcset=\"https:\/\/so3z.com\/wp-content\/uploads\/2018\/11\/eeu030-300x232.jpg 300w, https:\/\/so3z.com\/wp-content\/uploads\/2018\/11\/eeu030-768x593.jpg 768w, https:\/\/so3z.com\/wp-content\/uploads\/2018\/11\/eeu030.jpg 800w\" sizes=\"auto, (max-width: 300px) 100vw, 300px\" \/><\/a><br \/>\n<a href=\"https:\/\/so3z.com\/wp-content\/uploads\/2018\/11\/81517236.gif\"><img loading=\"lazy\" decoding=\"async\" src=\"https:\/\/so3z.com\/wp-content\/uploads\/2018\/11\/81517236-300x202.gif\" alt=\"\" width=\"300\" height=\"202\" class=\"alignnone size-medium wp-image-3359\" srcset=\"https:\/\/so3z.com\/wp-content\/uploads\/2018\/11\/81517236-300x202.gif 300w, https:\/\/so3z.com\/wp-content\/uploads\/2018\/11\/81517236-768x518.gif 768w\" sizes=\"auto, (max-width: 300px) 100vw, 300px\" \/><\/a><a href=\"https:\/\/so3z.com\/wp-content\/uploads\/2018\/11\/81521829.gif\"><img loading=\"lazy\" decoding=\"async\" src=\"https:\/\/so3z.com\/wp-content\/uploads\/2018\/11\/81521829-300x202.gif\" alt=\"\" width=\"300\" height=\"202\" class=\"alignnone size-medium wp-image-3360\" srcset=\"https:\/\/so3z.com\/wp-content\/uploads\/2018\/11\/81521829-300x202.gif 300w, https:\/\/so3z.com\/wp-content\/uploads\/2018\/11\/81521829-768x518.gif 768w\" sizes=\"auto, (max-width: 300px) 100vw, 300px\" \/><\/a><br \/>\n<a href=\"https:\/\/so3z.com\/wp-content\/uploads\/2018\/11\/81517235.gif\"><img loading=\"lazy\" decoding=\"async\" src=\"https:\/\/so3z.com\/wp-content\/uploads\/2018\/11\/81517235-300x203.gif\" alt=\"\" width=\"300\" height=\"203\" class=\"alignnone size-medium wp-image-3362\" srcset=\"https:\/\/so3z.com\/wp-content\/uploads\/2018\/11\/81517235-300x203.gif 300w, https:\/\/so3z.com\/wp-content\/uploads\/2018\/11\/81517235-768x518.gif 768w\" sizes=\"auto, (max-width: 300px) 100vw, 300px\" \/><\/a><a href=\"https:\/\/so3z.com\/wp-content\/uploads\/2018\/11\/81521830.gif\"><img loading=\"lazy\" decoding=\"async\" src=\"https:\/\/so3z.com\/wp-content\/uploads\/2018\/11\/81521830-300x203.gif\" alt=\"\" width=\"300\" height=\"203\" class=\"alignnone size-medium wp-image-3363\" srcset=\"https:\/\/so3z.com\/wp-content\/uploads\/2018\/11\/81521830-300x203.gif 300w, https:\/\/so3z.com\/wp-content\/uploads\/2018\/11\/81521830-768x518.gif 768w\" sizes=\"auto, (max-width: 300px) 100vw, 300px\" \/><\/a><\/p>\n","protected":false},"excerpt":{"rendered":"<p>Tropo zacz\u0105\u0142em si\u0119 nad ranem, zrobi\u0142em na FT8 nowy lokator KN37, s\u0142ysza\u0142em r\u00f3wnie\u017c z rana G8GXP IO93 i G4KUX IO94. Prawdziwe tropo nadesz\u0142o popo\u0142udniem. Jeszcze jeden nowy lokator upolowa\u0142em mianowicie KO34. Dla mnie jest to rzadko\u015b\u0107 by tropo przychodzi\u0142o ze wschodu, najbardziej niekorzystny kierunek, wzg\u00f3rza na granicy Wielkopolski i \u0141odzi dalej rzeka Wis\u0142a jak r\u00f3wnie\u017c &hellip; <a href=\"https:\/\/so3z.com\/?page_id=3336\" class=\"more-link\">Czytaj dalej <span class=\"screen-reader-text\">Tropo = 05.11.2018<\/span> <span class=\"meta-nav\">&rarr;<\/span><\/a><\/p>\n","protected":false},"author":1,"featured_media":0,"parent":2669,"menu_order":0,"comment_status":"closed","ping_status":"closed","template":"","meta":{"footnotes":""},"class_list":["post-3336","page","type-page","status-publish","hentry"],"_links":{"self":[{"href":"https:\/\/so3z.com\/index.php?rest_route=\/wp\/v2\/pages\/3336","targetHints":{"allow":["GET"]}}],"collection":[{"href":"https:\/\/so3z.com\/index.php?rest_route=\/wp\/v2\/pages"}],"about":[{"href":"https:\/\/so3z.com\/index.php?rest_route=\/wp\/v2\/types\/page"}],"author":[{"embeddable":true,"href":"https:\/\/so3z.com\/index.php?rest_route=\/wp\/v2\/users\/1"}],"replies":[{"embeddable":true,"href":"https:\/\/so3z.com\/index.php?rest_route=%2Fwp%2Fv2%2Fcomments&post=3336"}],"version-history":[{"count":17,"href":"https:\/\/so3z.com\/index.php?rest_route=\/wp\/v2\/pages\/3336\/revisions"}],"predecessor-version":[{"id":3378,"href":"https:\/\/so3z.com\/index.php?rest_route=\/wp\/v2\/pages\/3336\/revisions\/3378"}],"up":[{"embeddable":true,"href":"https:\/\/so3z.com\/index.php?rest_route=\/wp\/v2\/pages\/2669"}],"wp:attachment":[{"href":"https:\/\/so3z.com\/index.php?rest_route=%2Fwp%2Fv2%2Fmedia&parent=3336"}],"curies":[{"name":"wp","href":"https:\/\/api.w.org\/{rel}","templated":true}]}}