{"id":4060,"date":"2021-02-08T22:28:55","date_gmt":"2021-02-08T21:28:55","guid":{"rendered":"https:\/\/so3z.com\/?page_id=4060"},"modified":"2021-02-08T22:37:41","modified_gmt":"2021-02-08T21:37:41","slug":"14el-owl-yagi-dk7zb","status":"publish","type":"page","link":"https:\/\/so3z.com\/?page_id=4060","title":{"rendered":"14el OWL Yagi DK7ZB"},"content":{"rendered":"<p><a href=\"https:\/\/www.qsl.net\/dk7zb\/images\/LFA\/14-El-OWL.htm\">Antena 14el OWL projektu Martina DK7ZB.<\/a><\/p>\n<p>Zysk anteny 14,26 dBd\u00a0\u00a0\u00a0\u00a0 \u00a0 t\u0142umienie prz\u00f3d\/ty\u0142 &gt; 30 dB<br \/>\nBoom 8,7m d\u0142ugo\u015bci na profilu 20x20mm z dwiema podp\u00f3rkami, elementy rurki 8mm, radiator 12mm.<\/p>\n<p>Jest to antena wykonana przez Krzycha SQ9PUT, z moj\u0105 drobn\u0105 modyfikacj\u0105 radiatora i transformatora. U\u017cywam j\u0105 obecnie.<br \/>\nJest to antena, kt\u00f3ra p\u00f3ki co zagrza\u0142a u mnie najd\u0142u\u017cej miejsce.<br \/>\nTroch\u0119 ze wzgl\u0119du na brak czasu i przeprowadzk\u0119 w zwi\u0105zku z prac\u0105 na kilka lat do Warszawy. Niebawem zostanie wymieniona.<\/p>\n<p><a href=\"https:\/\/sm4ggc.se\/new%20owl%2014%20el%20ant\">Pi\u0119kny system antenowy w oparciu o ten model anteny posiada Stig SM4GGC.<\/a><br \/>\n<a href=\"http:\/\/www.sp4mpb.pl\/index.php\/gallery\/antennas\">Zajrzyjcie te\u017c na stron\u0119 Marka SP4MPB.\u00a0<\/a><br \/>\nPosiadam elementy 4x 14el cross od Marka SP4MPB z wyj\u0105tkiem no\u015bnik\u00f3w, elementy anteny czekaj\u0105 na w\u0142asny ogr\u00f3dek i prawdziwy system EME&#8230; Mo\u017ce kiedy\u015b \ud83d\ude42 Je\u017celi jest kto\u015b zainteresowany wszystkimi elementami \u0142\u0105cznie z puszk\u0105 dopasowaniem i radiatorem ale bez boomu niech da zna\u0107 &#8230; mo\u017ce lepiej szybciej\u00a0 wykorzysta ni\u017c ja.<\/p>\n<p><a href=\"https:\/\/so3z.com\/wp-content\/uploads\/2021\/02\/20150117_134653-scaled.jpg\"><img loading=\"lazy\" decoding=\"async\" class=\"alignnone size-medium wp-image-4061\" src=\"https:\/\/so3z.com\/wp-content\/uploads\/2021\/02\/20150117_134653-300x169.jpg\" alt=\"\" width=\"300\" height=\"169\" srcset=\"https:\/\/so3z.com\/wp-content\/uploads\/2021\/02\/20150117_134653-300x169.jpg 300w, https:\/\/so3z.com\/wp-content\/uploads\/2021\/02\/20150117_134653-1024x576.jpg 1024w, https:\/\/so3z.com\/wp-content\/uploads\/2021\/02\/20150117_134653-768x432.jpg 768w, https:\/\/so3z.com\/wp-content\/uploads\/2021\/02\/20150117_134653-1536x864.jpg 1536w, https:\/\/so3z.com\/wp-content\/uploads\/2021\/02\/20150117_134653-2048x1152.jpg 2048w\" sizes=\"auto, (max-width: 300px) 100vw, 300px\" \/><\/a> <a href=\"https:\/\/so3z.com\/wp-content\/uploads\/2021\/02\/20150117_134802-scaled.jpg\"><img loading=\"lazy\" decoding=\"async\" class=\"alignnone size-medium wp-image-4062\" src=\"https:\/\/so3z.com\/wp-content\/uploads\/2021\/02\/20150117_134802-300x169.jpg\" alt=\"\" width=\"300\" height=\"169\" srcset=\"https:\/\/so3z.com\/wp-content\/uploads\/2021\/02\/20150117_134802-300x169.jpg 300w, https:\/\/so3z.com\/wp-content\/uploads\/2021\/02\/20150117_134802-1024x576.jpg 1024w, https:\/\/so3z.com\/wp-content\/uploads\/2021\/02\/20150117_134802-768x432.jpg 768w, https:\/\/so3z.com\/wp-content\/uploads\/2021\/02\/20150117_134802-1536x864.jpg 1536w, https:\/\/so3z.com\/wp-content\/uploads\/2021\/02\/20150117_134802-2048x1152.jpg 2048w\" sizes=\"auto, (max-width: 300px) 100vw, 300px\" \/><\/a> <a href=\"https:\/\/so3z.com\/wp-content\/uploads\/2021\/02\/20150117_152241-scaled.jpg\"><img loading=\"lazy\" decoding=\"async\" class=\"alignnone size-medium wp-image-4063\" src=\"https:\/\/so3z.com\/wp-content\/uploads\/2021\/02\/20150117_152241-300x169.jpg\" alt=\"\" width=\"300\" height=\"169\" srcset=\"https:\/\/so3z.com\/wp-content\/uploads\/2021\/02\/20150117_152241-300x169.jpg 300w, https:\/\/so3z.com\/wp-content\/uploads\/2021\/02\/20150117_152241-1024x576.jpg 1024w, https:\/\/so3z.com\/wp-content\/uploads\/2021\/02\/20150117_152241-768x432.jpg 768w, https:\/\/so3z.com\/wp-content\/uploads\/2021\/02\/20150117_152241-1536x864.jpg 1536w, https:\/\/so3z.com\/wp-content\/uploads\/2021\/02\/20150117_152241-2048x1152.jpg 2048w\" sizes=\"auto, (max-width: 300px) 100vw, 300px\" \/><\/a> <a href=\"https:\/\/so3z.com\/wp-content\/uploads\/2021\/02\/20150117_152254-scaled.jpg\"><img loading=\"lazy\" decoding=\"async\" class=\"alignnone size-medium wp-image-4064\" src=\"https:\/\/so3z.com\/wp-content\/uploads\/2021\/02\/20150117_152254-300x169.jpg\" alt=\"\" width=\"300\" height=\"169\" srcset=\"https:\/\/so3z.com\/wp-content\/uploads\/2021\/02\/20150117_152254-300x169.jpg 300w, https:\/\/so3z.com\/wp-content\/uploads\/2021\/02\/20150117_152254-1024x576.jpg 1024w, https:\/\/so3z.com\/wp-content\/uploads\/2021\/02\/20150117_152254-768x432.jpg 768w, https:\/\/so3z.com\/wp-content\/uploads\/2021\/02\/20150117_152254-1536x864.jpg 1536w, https:\/\/so3z.com\/wp-content\/uploads\/2021\/02\/20150117_152254-2048x1152.jpg 2048w\" sizes=\"auto, (max-width: 300px) 100vw, 300px\" \/><\/a> <a href=\"https:\/\/so3z.com\/wp-content\/uploads\/2021\/02\/20150117_152304-scaled.jpg\"><img loading=\"lazy\" decoding=\"async\" class=\"alignnone size-medium wp-image-4065\" src=\"https:\/\/so3z.com\/wp-content\/uploads\/2021\/02\/20150117_152304-300x169.jpg\" alt=\"\" width=\"300\" height=\"169\" srcset=\"https:\/\/so3z.com\/wp-content\/uploads\/2021\/02\/20150117_152304-300x169.jpg 300w, https:\/\/so3z.com\/wp-content\/uploads\/2021\/02\/20150117_152304-1024x576.jpg 1024w, https:\/\/so3z.com\/wp-content\/uploads\/2021\/02\/20150117_152304-768x432.jpg 768w, https:\/\/so3z.com\/wp-content\/uploads\/2021\/02\/20150117_152304-1536x864.jpg 1536w, https:\/\/so3z.com\/wp-content\/uploads\/2021\/02\/20150117_152304-2048x1152.jpg 2048w\" sizes=\"auto, (max-width: 300px) 100vw, 300px\" \/><\/a> <a href=\"https:\/\/so3z.com\/wp-content\/uploads\/2021\/02\/20150117_152827-scaled.jpg\"><img loading=\"lazy\" decoding=\"async\" class=\"alignnone size-medium wp-image-4066\" src=\"https:\/\/so3z.com\/wp-content\/uploads\/2021\/02\/20150117_152827-300x169.jpg\" alt=\"\" width=\"300\" height=\"169\" srcset=\"https:\/\/so3z.com\/wp-content\/uploads\/2021\/02\/20150117_152827-300x169.jpg 300w, https:\/\/so3z.com\/wp-content\/uploads\/2021\/02\/20150117_152827-1024x576.jpg 1024w, https:\/\/so3z.com\/wp-content\/uploads\/2021\/02\/20150117_152827-768x432.jpg 768w, https:\/\/so3z.com\/wp-content\/uploads\/2021\/02\/20150117_152827-1536x864.jpg 1536w, https:\/\/so3z.com\/wp-content\/uploads\/2021\/02\/20150117_152827-2048x1152.jpg 2048w\" sizes=\"auto, (max-width: 300px) 100vw, 300px\" \/><\/a> <a href=\"https:\/\/so3z.com\/wp-content\/uploads\/2021\/02\/20150214_105604-scaled.jpg\"><img loading=\"lazy\" decoding=\"async\" class=\"alignnone size-medium wp-image-4067\" src=\"https:\/\/so3z.com\/wp-content\/uploads\/2021\/02\/20150214_105604-300x169.jpg\" alt=\"\" width=\"300\" height=\"169\" srcset=\"https:\/\/so3z.com\/wp-content\/uploads\/2021\/02\/20150214_105604-300x169.jpg 300w, https:\/\/so3z.com\/wp-content\/uploads\/2021\/02\/20150214_105604-1024x576.jpg 1024w, https:\/\/so3z.com\/wp-content\/uploads\/2021\/02\/20150214_105604-768x432.jpg 768w, https:\/\/so3z.com\/wp-content\/uploads\/2021\/02\/20150214_105604-1536x864.jpg 1536w, https:\/\/so3z.com\/wp-content\/uploads\/2021\/02\/20150214_105604-2048x1152.jpg 2048w\" sizes=\"auto, (max-width: 300px) 100vw, 300px\" \/><\/a> <a href=\"https:\/\/so3z.com\/wp-content\/uploads\/2021\/02\/20150214_105611-scaled.jpg\"><img loading=\"lazy\" decoding=\"async\" class=\"alignnone size-medium wp-image-4068\" src=\"https:\/\/so3z.com\/wp-content\/uploads\/2021\/02\/20150214_105611-300x169.jpg\" alt=\"\" width=\"300\" height=\"169\" srcset=\"https:\/\/so3z.com\/wp-content\/uploads\/2021\/02\/20150214_105611-300x169.jpg 300w, https:\/\/so3z.com\/wp-content\/uploads\/2021\/02\/20150214_105611-1024x576.jpg 1024w, https:\/\/so3z.com\/wp-content\/uploads\/2021\/02\/20150214_105611-768x432.jpg 768w, https:\/\/so3z.com\/wp-content\/uploads\/2021\/02\/20150214_105611-1536x864.jpg 1536w, https:\/\/so3z.com\/wp-content\/uploads\/2021\/02\/20150214_105611-2048x1152.jpg 2048w\" sizes=\"auto, (max-width: 300px) 100vw, 300px\" \/><\/a> <a href=\"https:\/\/so3z.com\/wp-content\/uploads\/2021\/02\/20150214_131943-scaled.jpg\"><img loading=\"lazy\" decoding=\"async\" class=\"alignnone size-medium wp-image-4069\" src=\"https:\/\/so3z.com\/wp-content\/uploads\/2021\/02\/20150214_131943-300x169.jpg\" alt=\"\" width=\"300\" height=\"169\" srcset=\"https:\/\/so3z.com\/wp-content\/uploads\/2021\/02\/20150214_131943-300x169.jpg 300w, https:\/\/so3z.com\/wp-content\/uploads\/2021\/02\/20150214_131943-1024x576.jpg 1024w, https:\/\/so3z.com\/wp-content\/uploads\/2021\/02\/20150214_131943-768x432.jpg 768w, https:\/\/so3z.com\/wp-content\/uploads\/2021\/02\/20150214_131943-1536x864.jpg 1536w, https:\/\/so3z.com\/wp-content\/uploads\/2021\/02\/20150214_131943-2048x1152.jpg 2048w\" sizes=\"auto, (max-width: 300px) 100vw, 300px\" \/><\/a> <a href=\"https:\/\/so3z.com\/wp-content\/uploads\/2021\/02\/20150214_135314-scaled.jpg\"><img loading=\"lazy\" decoding=\"async\" class=\"alignnone size-medium wp-image-4070\" src=\"https:\/\/so3z.com\/wp-content\/uploads\/2021\/02\/20150214_135314-300x169.jpg\" alt=\"\" width=\"300\" height=\"169\" srcset=\"https:\/\/so3z.com\/wp-content\/uploads\/2021\/02\/20150214_135314-300x169.jpg 300w, https:\/\/so3z.com\/wp-content\/uploads\/2021\/02\/20150214_135314-1024x576.jpg 1024w, https:\/\/so3z.com\/wp-content\/uploads\/2021\/02\/20150214_135314-768x432.jpg 768w, https:\/\/so3z.com\/wp-content\/uploads\/2021\/02\/20150214_135314-1536x864.jpg 1536w, https:\/\/so3z.com\/wp-content\/uploads\/2021\/02\/20150214_135314-2048x1152.jpg 2048w\" sizes=\"auto, (max-width: 300px) 100vw, 300px\" \/><\/a> <a href=\"https:\/\/so3z.com\/wp-content\/uploads\/2021\/02\/20150214_135324-scaled.jpg\"><img loading=\"lazy\" decoding=\"async\" class=\"alignnone size-medium wp-image-4071\" src=\"https:\/\/so3z.com\/wp-content\/uploads\/2021\/02\/20150214_135324-300x169.jpg\" alt=\"\" width=\"300\" height=\"169\" srcset=\"https:\/\/so3z.com\/wp-content\/uploads\/2021\/02\/20150214_135324-300x169.jpg 300w, https:\/\/so3z.com\/wp-content\/uploads\/2021\/02\/20150214_135324-1024x576.jpg 1024w, https:\/\/so3z.com\/wp-content\/uploads\/2021\/02\/20150214_135324-768x432.jpg 768w, https:\/\/so3z.com\/wp-content\/uploads\/2021\/02\/20150214_135324-1536x864.jpg 1536w, https:\/\/so3z.com\/wp-content\/uploads\/2021\/02\/20150214_135324-2048x1152.jpg 2048w\" sizes=\"auto, (max-width: 300px) 100vw, 300px\" \/><\/a> <a href=\"https:\/\/so3z.com\/wp-content\/uploads\/2021\/02\/20150214_135335-scaled.jpg\"><img loading=\"lazy\" decoding=\"async\" class=\"alignnone size-medium wp-image-4072\" src=\"https:\/\/so3z.com\/wp-content\/uploads\/2021\/02\/20150214_135335-300x169.jpg\" alt=\"\" width=\"300\" height=\"169\" srcset=\"https:\/\/so3z.com\/wp-content\/uploads\/2021\/02\/20150214_135335-300x169.jpg 300w, https:\/\/so3z.com\/wp-content\/uploads\/2021\/02\/20150214_135335-1024x576.jpg 1024w, https:\/\/so3z.com\/wp-content\/uploads\/2021\/02\/20150214_135335-768x432.jpg 768w, https:\/\/so3z.com\/wp-content\/uploads\/2021\/02\/20150214_135335-1536x864.jpg 1536w, https:\/\/so3z.com\/wp-content\/uploads\/2021\/02\/20150214_135335-2048x1152.jpg 2048w\" sizes=\"auto, (max-width: 300px) 100vw, 300px\" \/><\/a> <a href=\"https:\/\/so3z.com\/wp-content\/uploads\/2021\/02\/20150214_163129-scaled.jpg\"><img loading=\"lazy\" decoding=\"async\" class=\"alignnone size-medium wp-image-4073\" src=\"https:\/\/so3z.com\/wp-content\/uploads\/2021\/02\/20150214_163129-300x169.jpg\" alt=\"\" width=\"300\" height=\"169\" srcset=\"https:\/\/so3z.com\/wp-content\/uploads\/2021\/02\/20150214_163129-300x169.jpg 300w, https:\/\/so3z.com\/wp-content\/uploads\/2021\/02\/20150214_163129-1024x576.jpg 1024w, https:\/\/so3z.com\/wp-content\/uploads\/2021\/02\/20150214_163129-768x432.jpg 768w, https:\/\/so3z.com\/wp-content\/uploads\/2021\/02\/20150214_163129-1536x864.jpg 1536w, https:\/\/so3z.com\/wp-content\/uploads\/2021\/02\/20150214_163129-2048x1152.jpg 2048w\" sizes=\"auto, (max-width: 300px) 100vw, 300px\" \/><\/a> <a href=\"https:\/\/so3z.com\/wp-content\/uploads\/2021\/02\/20150214_163144-scaled.jpg\"><img loading=\"lazy\" decoding=\"async\" class=\"alignnone size-medium wp-image-4074\" src=\"https:\/\/so3z.com\/wp-content\/uploads\/2021\/02\/20150214_163144-300x169.jpg\" alt=\"\" width=\"300\" height=\"169\" srcset=\"https:\/\/so3z.com\/wp-content\/uploads\/2021\/02\/20150214_163144-300x169.jpg 300w, https:\/\/so3z.com\/wp-content\/uploads\/2021\/02\/20150214_163144-1024x576.jpg 1024w, https:\/\/so3z.com\/wp-content\/uploads\/2021\/02\/20150214_163144-768x432.jpg 768w, https:\/\/so3z.com\/wp-content\/uploads\/2021\/02\/20150214_163144-1536x864.jpg 1536w, https:\/\/so3z.com\/wp-content\/uploads\/2021\/02\/20150214_163144-2048x1152.jpg 2048w\" sizes=\"auto, (max-width: 300px) 100vw, 300px\" \/><\/a> <a href=\"https:\/\/so3z.com\/wp-content\/uploads\/2021\/02\/20150214_164543-scaled.jpg\"><img loading=\"lazy\" decoding=\"async\" class=\"alignnone size-medium wp-image-4075\" src=\"https:\/\/so3z.com\/wp-content\/uploads\/2021\/02\/20150214_164543-300x169.jpg\" alt=\"\" width=\"300\" height=\"169\" srcset=\"https:\/\/so3z.com\/wp-content\/uploads\/2021\/02\/20150214_164543-300x169.jpg 300w, https:\/\/so3z.com\/wp-content\/uploads\/2021\/02\/20150214_164543-1024x576.jpg 1024w, https:\/\/so3z.com\/wp-content\/uploads\/2021\/02\/20150214_164543-768x432.jpg 768w, https:\/\/so3z.com\/wp-content\/uploads\/2021\/02\/20150214_164543-1536x864.jpg 1536w, https:\/\/so3z.com\/wp-content\/uploads\/2021\/02\/20150214_164543-2048x1152.jpg 2048w\" sizes=\"auto, (max-width: 300px) 100vw, 300px\" \/><\/a> <a href=\"https:\/\/so3z.com\/wp-content\/uploads\/2021\/02\/20150501_152453_Pano-scaled.jpg\"><img loading=\"lazy\" decoding=\"async\" class=\"alignnone size-medium wp-image-4076\" src=\"https:\/\/so3z.com\/wp-content\/uploads\/2021\/02\/20150501_152453_Pano-300x33.jpg\" alt=\"\" width=\"300\" height=\"33\" srcset=\"https:\/\/so3z.com\/wp-content\/uploads\/2021\/02\/20150501_152453_Pano-300x33.jpg 300w, https:\/\/so3z.com\/wp-content\/uploads\/2021\/02\/20150501_152453_Pano-1024x112.jpg 1024w, https:\/\/so3z.com\/wp-content\/uploads\/2021\/02\/20150501_152453_Pano-768x84.jpg 768w, https:\/\/so3z.com\/wp-content\/uploads\/2021\/02\/20150501_152453_Pano-1536x169.jpg 1536w, https:\/\/so3z.com\/wp-content\/uploads\/2021\/02\/20150501_152453_Pano-2048x225.jpg 2048w\" sizes=\"auto, (max-width: 300px) 100vw, 300px\" \/><\/a><a href=\"https:\/\/so3z.com\/wp-content\/uploads\/2021\/02\/20170326_171343_HDR-scaled.jpg\"><img loading=\"lazy\" decoding=\"async\" class=\"alignnone size-medium wp-image-4079\" src=\"https:\/\/so3z.com\/wp-content\/uploads\/2021\/02\/20170326_171343_HDR-300x169.jpg\" alt=\"\" width=\"300\" height=\"169\" srcset=\"https:\/\/so3z.com\/wp-content\/uploads\/2021\/02\/20170326_171343_HDR-300x169.jpg 300w, https:\/\/so3z.com\/wp-content\/uploads\/2021\/02\/20170326_171343_HDR-1024x576.jpg 1024w, https:\/\/so3z.com\/wp-content\/uploads\/2021\/02\/20170326_171343_HDR-768x432.jpg 768w, https:\/\/so3z.com\/wp-content\/uploads\/2021\/02\/20170326_171343_HDR-1536x864.jpg 1536w, https:\/\/so3z.com\/wp-content\/uploads\/2021\/02\/20170326_171343_HDR-2048x1152.jpg 2048w\" sizes=\"auto, (max-width: 300px) 100vw, 300px\" \/><\/a> <a href=\"https:\/\/so3z.com\/wp-content\/uploads\/2021\/02\/yagi-scaled.jpg\"><img loading=\"lazy\" decoding=\"async\" class=\"alignnone size-medium wp-image-4080\" src=\"https:\/\/so3z.com\/wp-content\/uploads\/2021\/02\/yagi-300x169.jpg\" alt=\"\" width=\"300\" height=\"169\" srcset=\"https:\/\/so3z.com\/wp-content\/uploads\/2021\/02\/yagi-300x169.jpg 300w, https:\/\/so3z.com\/wp-content\/uploads\/2021\/02\/yagi-1024x576.jpg 1024w, https:\/\/so3z.com\/wp-content\/uploads\/2021\/02\/yagi-768x432.jpg 768w, https:\/\/so3z.com\/wp-content\/uploads\/2021\/02\/yagi-1536x864.jpg 1536w, https:\/\/so3z.com\/wp-content\/uploads\/2021\/02\/yagi-2048x1152.jpg 2048w\" sizes=\"auto, (max-width: 300px) 100vw, 300px\" \/><\/a><a href=\"https:\/\/so3z.com\/wp-content\/uploads\/2021\/02\/20150614_123644-scaled.jpg\"><img loading=\"lazy\" decoding=\"async\" class=\"alignnone size-medium wp-image-4077\" src=\"https:\/\/so3z.com\/wp-content\/uploads\/2021\/02\/20150614_123644-169x300.jpg\" alt=\"\" width=\"169\" height=\"300\" srcset=\"https:\/\/so3z.com\/wp-content\/uploads\/2021\/02\/20150614_123644-169x300.jpg 169w, https:\/\/so3z.com\/wp-content\/uploads\/2021\/02\/20150614_123644-576x1024.jpg 576w, https:\/\/so3z.com\/wp-content\/uploads\/2021\/02\/20150614_123644-768x1365.jpg 768w, https:\/\/so3z.com\/wp-content\/uploads\/2021\/02\/20150614_123644-864x1536.jpg 864w, https:\/\/so3z.com\/wp-content\/uploads\/2021\/02\/20150614_123644-1152x2048.jpg 1152w, https:\/\/so3z.com\/wp-content\/uploads\/2021\/02\/20150614_123644-scaled.jpg 1440w\" sizes=\"auto, (max-width: 169px) 100vw, 169px\" \/><\/a> <a href=\"https:\/\/so3z.com\/wp-content\/uploads\/2021\/02\/20150614_123653-scaled.jpg\"><img loading=\"lazy\" decoding=\"async\" class=\"alignnone size-medium wp-image-4078\" src=\"https:\/\/so3z.com\/wp-content\/uploads\/2021\/02\/20150614_123653-169x300.jpg\" alt=\"\" width=\"169\" height=\"300\" srcset=\"https:\/\/so3z.com\/wp-content\/uploads\/2021\/02\/20150614_123653-169x300.jpg 169w, https:\/\/so3z.com\/wp-content\/uploads\/2021\/02\/20150614_123653-576x1024.jpg 576w, https:\/\/so3z.com\/wp-content\/uploads\/2021\/02\/20150614_123653-768x1365.jpg 768w, https:\/\/so3z.com\/wp-content\/uploads\/2021\/02\/20150614_123653-864x1536.jpg 864w, https:\/\/so3z.com\/wp-content\/uploads\/2021\/02\/20150614_123653-1152x2048.jpg 1152w, https:\/\/so3z.com\/wp-content\/uploads\/2021\/02\/20150614_123653-scaled.jpg 1440w\" sizes=\"auto, (max-width: 169px) 100vw, 169px\" \/><\/a><\/p>\n<p>&nbsp;<\/p>\n","protected":false},"excerpt":{"rendered":"<p>Antena 14el OWL projektu Martina DK7ZB. Zysk anteny 14,26 dBd\u00a0\u00a0\u00a0\u00a0 \u00a0 t\u0142umienie prz\u00f3d\/ty\u0142 &gt; 30 dB Boom 8,7m d\u0142ugo\u015bci na profilu 20x20mm z dwiema podp\u00f3rkami, elementy rurki 8mm, radiator 12mm. Jest to antena wykonana przez Krzycha SQ9PUT, z moj\u0105 drobn\u0105 modyfikacj\u0105 radiatora i transformatora. U\u017cywam j\u0105 obecnie. Jest to antena, kt\u00f3ra p\u00f3ki co zagrza\u0142a u &hellip; <a href=\"https:\/\/so3z.com\/?page_id=4060\" class=\"more-link\">Czytaj dalej <span class=\"screen-reader-text\">14el OWL Yagi DK7ZB<\/span> <span class=\"meta-nav\">&rarr;<\/span><\/a><\/p>\n","protected":false},"author":1,"featured_media":0,"parent":3841,"menu_order":0,"comment_status":"closed","ping_status":"closed","template":"","meta":{"footnotes":""},"class_list":["post-4060","page","type-page","status-publish","hentry"],"_links":{"self":[{"href":"https:\/\/so3z.com\/index.php?rest_route=\/wp\/v2\/pages\/4060","targetHints":{"allow":["GET"]}}],"collection":[{"href":"https:\/\/so3z.com\/index.php?rest_route=\/wp\/v2\/pages"}],"about":[{"href":"https:\/\/so3z.com\/index.php?rest_route=\/wp\/v2\/types\/page"}],"author":[{"embeddable":true,"href":"https:\/\/so3z.com\/index.php?rest_route=\/wp\/v2\/users\/1"}],"replies":[{"embeddable":true,"href":"https:\/\/so3z.com\/index.php?rest_route=%2Fwp%2Fv2%2Fcomments&post=4060"}],"version-history":[{"count":5,"href":"https:\/\/so3z.com\/index.php?rest_route=\/wp\/v2\/pages\/4060\/revisions"}],"predecessor-version":[{"id":4086,"href":"https:\/\/so3z.com\/index.php?rest_route=\/wp\/v2\/pages\/4060\/revisions\/4086"}],"up":[{"embeddable":true,"href":"https:\/\/so3z.com\/index.php?rest_route=\/wp\/v2\/pages\/3841"}],"wp:attachment":[{"href":"https:\/\/so3z.com\/index.php?rest_route=%2Fwp%2Fv2%2Fmedia&parent=4060"}],"curies":[{"name":"wp","href":"https:\/\/api.w.org\/{rel}","templated":true}]}}