{"id":4226,"date":"2022-08-23T10:45:07","date_gmt":"2022-08-23T09:45:07","guid":{"rendered":"https:\/\/so3z.com\/?page_id=4226"},"modified":"2022-08-23T10:47:42","modified_gmt":"2022-08-23T09:47:42","slug":"zjazd-pk-ukf-zieleniec-2022","status":"publish","type":"page","link":"https:\/\/so3z.com\/?page_id=4226","title":{"rendered":"zjazd PK UKF &#8211; Zieleniec 2022"},"content":{"rendered":"<p>Po 7 latach nieobecno\u015bci uda\u0142o mi si\u0119 dotrze\u0107 na 1 dzie\u0144 na Zjazd Polskiego Klubu UKF w Ziele\u0144cu.<br \/>\nOkazja by\u0142a wyj\u0105tkowa bo poza mo\u017cliwo\u015bci\u0105 spotkania przyjaci\u00f3\u0142 z pasm, odbywa\u0142y si\u0119 prelekcje techniczne, ale dla nas &#8211; ekipy SN7L &#8211; najwa\u017cniejsze by\u0142o wr\u0119czenie nagr\u00f3d za 1 miejsce w VHF IARU Contest 2021 oraz nagrod\u0119 SP6LB za wk\u0142ad w rozw\u00f3j UKFu w Polsce. <\/p>\n<p><a href=\"https:\/\/so3z.com\/wp-content\/uploads\/2022\/08\/DSC_0297.jpg\"><img loading=\"lazy\" decoding=\"async\" src=\"https:\/\/so3z.com\/wp-content\/uploads\/2022\/08\/DSC_0297-1024x683.jpg\" alt=\"\" width=\"474\" height=\"316\" class=\"alignnone size-large wp-image-4227\" srcset=\"https:\/\/so3z.com\/wp-content\/uploads\/2022\/08\/DSC_0297-1024x683.jpg 1024w, https:\/\/so3z.com\/wp-content\/uploads\/2022\/08\/DSC_0297-300x200.jpg 300w, https:\/\/so3z.com\/wp-content\/uploads\/2022\/08\/DSC_0297-768x512.jpg 768w, https:\/\/so3z.com\/wp-content\/uploads\/2022\/08\/DSC_0297-1536x1024.jpg 1536w, https:\/\/so3z.com\/wp-content\/uploads\/2022\/08\/DSC_0297.jpg 1600w\" sizes=\"auto, (max-width: 474px) 100vw, 474px\" \/><\/a><\/p>\n<p>By\u0142a okazja do rozm\u00f3w, szkoda, \u017ce nie by\u0142o wi\u0119cej czasu.<br \/>\nNa zjazd przyby\u0142o 91 os\u00f3b.<br \/>\nNa Zdj\u0119ciu Alex IV3KKW Contest Manager IARU-R1 jak i cz\u0142onek zespo\u0142u kontestowego IQ5NN<br \/>\n<a href=\"https:\/\/so3z.com\/wp-content\/uploads\/2022\/08\/DSC_0368.jpg\"><img loading=\"lazy\" decoding=\"async\" src=\"https:\/\/so3z.com\/wp-content\/uploads\/2022\/08\/DSC_0368-1024x683.jpg\" alt=\"\" width=\"474\" height=\"316\" class=\"alignnone size-large wp-image-4229\" srcset=\"https:\/\/so3z.com\/wp-content\/uploads\/2022\/08\/DSC_0368-1024x683.jpg 1024w, https:\/\/so3z.com\/wp-content\/uploads\/2022\/08\/DSC_0368-300x200.jpg 300w, https:\/\/so3z.com\/wp-content\/uploads\/2022\/08\/DSC_0368-768x512.jpg 768w, https:\/\/so3z.com\/wp-content\/uploads\/2022\/08\/DSC_0368-1536x1024.jpg 1536w, https:\/\/so3z.com\/wp-content\/uploads\/2022\/08\/DSC_0368.jpg 1600w\" sizes=\"auto, (max-width: 474px) 100vw, 474px\" \/><\/a><\/p>\n<p><a href=\"https:\/\/so3z.com\/wp-content\/uploads\/2022\/08\/DSC_0357.jpg\"><img loading=\"lazy\" decoding=\"async\" src=\"https:\/\/so3z.com\/wp-content\/uploads\/2022\/08\/DSC_0357-1024x680.jpg\" alt=\"\" width=\"474\" height=\"315\" class=\"alignnone size-large wp-image-4230\" srcset=\"https:\/\/so3z.com\/wp-content\/uploads\/2022\/08\/DSC_0357-1024x680.jpg 1024w, https:\/\/so3z.com\/wp-content\/uploads\/2022\/08\/DSC_0357-300x199.jpg 300w, https:\/\/so3z.com\/wp-content\/uploads\/2022\/08\/DSC_0357-768x510.jpg 768w, https:\/\/so3z.com\/wp-content\/uploads\/2022\/08\/DSC_0357-1536x1020.jpg 1536w, https:\/\/so3z.com\/wp-content\/uploads\/2022\/08\/DSC_0357.jpg 1600w\" sizes=\"auto, (max-width: 474px) 100vw, 474px\" \/><\/a><\/p>\n<p>Wyjazd by\u0142 intensywny i m\u0119cz\u0105cy bo wyjecha\u0142em z Poznania o 6 rano by wr\u00f3ci\u0107 o 2:40 w nocy (ca\u0142\u0105 drog\u0119 la\u0142o).<br \/>\nAle by\u0142o warto \ud83d\ude42<br \/>\nZdj\u0119cia Zbyszek SP3RNY &#8211; TNX!<\/p>\n","protected":false},"excerpt":{"rendered":"<p>Po 7 latach nieobecno\u015bci uda\u0142o mi si\u0119 dotrze\u0107 na 1 dzie\u0144 na Zjazd Polskiego Klubu UKF w Ziele\u0144cu. Okazja by\u0142a wyj\u0105tkowa bo poza mo\u017cliwo\u015bci\u0105 spotkania przyjaci\u00f3\u0142 z pasm, odbywa\u0142y si\u0119 prelekcje techniczne, ale dla nas &#8211; ekipy SN7L &#8211; najwa\u017cniejsze by\u0142o wr\u0119czenie nagr\u00f3d za 1 miejsce w VHF IARU Contest 2021 oraz nagrod\u0119 SP6LB za &hellip; <a href=\"https:\/\/so3z.com\/?page_id=4226\" class=\"more-link\">Czytaj dalej <span class=\"screen-reader-text\">zjazd PK UKF &#8211; Zieleniec 2022<\/span> <span class=\"meta-nav\">&rarr;<\/span><\/a><\/p>\n","protected":false},"author":1,"featured_media":0,"parent":184,"menu_order":0,"comment_status":"closed","ping_status":"closed","template":"","meta":{"footnotes":""},"class_list":["post-4226","page","type-page","status-publish","hentry"],"_links":{"self":[{"href":"https:\/\/so3z.com\/index.php?rest_route=\/wp\/v2\/pages\/4226","targetHints":{"allow":["GET"]}}],"collection":[{"href":"https:\/\/so3z.com\/index.php?rest_route=\/wp\/v2\/pages"}],"about":[{"href":"https:\/\/so3z.com\/index.php?rest_route=\/wp\/v2\/types\/page"}],"author":[{"embeddable":true,"href":"https:\/\/so3z.com\/index.php?rest_route=\/wp\/v2\/users\/1"}],"replies":[{"embeddable":true,"href":"https:\/\/so3z.com\/index.php?rest_route=%2Fwp%2Fv2%2Fcomments&post=4226"}],"version-history":[{"count":4,"href":"https:\/\/so3z.com\/index.php?rest_route=\/wp\/v2\/pages\/4226\/revisions"}],"predecessor-version":[{"id":4233,"href":"https:\/\/so3z.com\/index.php?rest_route=\/wp\/v2\/pages\/4226\/revisions\/4233"}],"up":[{"embeddable":true,"href":"https:\/\/so3z.com\/index.php?rest_route=\/wp\/v2\/pages\/184"}],"wp:attachment":[{"href":"https:\/\/so3z.com\/index.php?rest_route=%2Fwp%2Fv2%2Fmedia&parent=4226"}],"curies":[{"name":"wp","href":"https:\/\/api.w.org\/{rel}","templated":true}]}}

<p>Po 7 latach nieobecności udało mi się dotrzeć na 1 dzień na Zjazd Polskiego Klubu UKF w Zieleńcu.<br />
Okazja była wyjątkowa bo poza możliwością spotkania przyjaciół z pasm, odbywały się prelekcje techniczne, ale dla nas &#8211; ekipy SN7L &#8211; najważniejsze było wręczenie nagród za 1 miejsce w VHF IARU Contest 2021 oraz nagrodę SP6LB za wkład w rozwój UKFu w Polsce. </p>
<p><a href="https://so3z.com/wp-content/uploads/2022/08/DSC_0297.jpg"><img loading="lazy" decoding="async" src="https://so3z.com/wp-content/uploads/2022/08/DSC_0297-1024x683.jpg" alt="" width="474" height="316" class="alignnone size-large wp-image-4227" srcset="https://so3z.com/wp-content/uploads/2022/08/DSC_0297-1024x683.jpg 1024w, https://so3z.com/wp-content/uploads/2022/08/DSC_0297-300x200.jpg 300w, https://so3z.com/wp-content/uploads/2022/08/DSC_0297-768x512.jpg 768w, https://so3z.com/wp-content/uploads/2022/08/DSC_0297-1536x1024.jpg 1536w, https://so3z.com/wp-content/uploads/2022/08/DSC_0297.jpg 1600w" sizes="auto, (max-width: 474px) 100vw, 474px" /></a></p>
<p>Była okazja do rozmów, szkoda, że nie było więcej czasu.<br />
Na zjazd przybyło 91 osób.<br />
Na Zdjęciu Alex IV3KKW Contest Manager IARU-R1 jak i członek zespołu kontestowego IQ5NN<br />
<a href="https://so3z.com/wp-content/uploads/2022/08/DSC_0368.jpg"><img loading="lazy" decoding="async" src="https://so3z.com/wp-content/uploads/2022/08/DSC_0368-1024x683.jpg" alt="" width="474" height="316" class="alignnone size-large wp-image-4229" srcset="https://so3z.com/wp-content/uploads/2022/08/DSC_0368-1024x683.jpg 1024w, https://so3z.com/wp-content/uploads/2022/08/DSC_0368-300x200.jpg 300w, https://so3z.com/wp-content/uploads/2022/08/DSC_0368-768x512.jpg 768w, https://so3z.com/wp-content/uploads/2022/08/DSC_0368-1536x1024.jpg 1536w, https://so3z.com/wp-content/uploads/2022/08/DSC_0368.jpg 1600w" sizes="auto, (max-width: 474px) 100vw, 474px" /></a></p>
<p><a href="https://so3z.com/wp-content/uploads/2022/08/DSC_0357.jpg"><img loading="lazy" decoding="async" src="https://so3z.com/wp-content/uploads/2022/08/DSC_0357-1024x680.jpg" alt="" width="474" height="315" class="alignnone size-large wp-image-4230" srcset="https://so3z.com/wp-content/uploads/2022/08/DSC_0357-1024x680.jpg 1024w, https://so3z.com/wp-content/uploads/2022/08/DSC_0357-300x199.jpg 300w, https://so3z.com/wp-content/uploads/2022/08/DSC_0357-768x510.jpg 768w, https://so3z.com/wp-content/uploads/2022/08/DSC_0357-1536x1020.jpg 1536w, https://so3z.com/wp-content/uploads/2022/08/DSC_0357.jpg 1600w" sizes="auto, (max-width: 474px) 100vw, 474px" /></a></p>
<p>Wyjazd był intensywny i męczący bo wyjechałem z Poznania o 6 rano by wrócić o 2:40 w nocy (całą drogę lało).<br />
Ale było warto 🙂<br />
Zdjęcia Zbyszek SP3RNY &#8211; TNX!</p>

<p>Po 7 latach nieobecności udało mi się dotrzeć na 1 dzień na Zjazd Polskiego Klubu UKF w Zieleńcu. Okazja była wyjątkowa bo poza możliwością spotkania przyjaciół z pasm, odbywały się prelekcje techniczne, ale dla nas &#8211; ekipy SN7L &#8211; najważniejsze było wręczenie nagród za 1 miejsce w VHF IARU Contest 2021 oraz nagrodę SP6LB za &hellip; <a href="https://so3z.com/?page_id=4226" class="more-link">Czytaj dalej <span class="screen-reader-text">zjazd PK UKF &#8211; Zieleniec 2022</span> <span class="meta-nav">&rarr;</span></a></p>
